{"id":18,"date":"2012-06-25T15:19:35","date_gmt":"2012-06-25T13:19:35","guid":{"rendered":"http:\/\/localhost\/infosyslab-wp\/index.php\/xper2\/"},"modified":"2023-05-29T11:08:48","modified_gmt":"2023-05-29T09:08:48","slug":"xper2","status":"publish","type":"page","link":"http:\/\/infosyslab.fr\/index.php\/ressources\/logiciels\/xper2\/","title":{"rendered":"Xper2"},"content":{"rendered":"<p><!--?php\n$block = module_invoke('block', 'block_view', 25);\nprint $block['content'];\n?--><\/p>\n<hr class=\"xper2\" \/>\n<div class=\"xper2\">\n<ul>\n<li><strong><a href=\"https:\/\/infosyslab.fr\/index.php\/ressources\/logiciels\/xper2\/faq_utilisation\/\">Documentation<\/a><\/strong><\/li>\n<li><strong><a href=\"https:\/\/wiki.xper3.fr\/doku.php?id=download\">T\u00e9l\u00e9chargement<\/a><\/strong><\/li>\n<li><strong><a href=\"https:\/\/wiki.xper3.fr\/doku.php?id=community\">Communaut\u00e9<\/a><\/strong><\/li>\n<\/ul>\n<p><a href=\"https:\/\/wiki.xper3.fr\">Acc\u00e9der au Wiki Xper<\/a><\/p>\n<h3 class=\"xper2\">Pr\u00e9sentation<\/h3>\n<p>L&rsquo;identification des sp\u00e9cimens (existant ou fossile) est un point crucial pour toute \u00e9tude biologique: inventaire de la biodiversit\u00e9, \u00e9tudes phylog\u00e9n\u00e9tiques, \u00e9tudes de l&rsquo;\u00e9cologie etc. Jusqu&rsquo;\u00e0 pr\u00e9sent, les cl\u00e9s dichotomiques ont toujours \u00e9t\u00e9 l&rsquo;outil le plus commun\u00e9ment employ\u00e9 pour faire de l&rsquo;identification. Mais la repr\u00e9sentation des connaissances et les capacit\u00e9s de calcul disponibles aujourd&rsquo;hui &#8211; par l&rsquo;utilisation commune des micro-ordinateurs &#8211; a soudainement ouvert de nouvelles perspectives.<\/p>\n<p>Les biologistes ont commenc\u00e9 la production de syst\u00e8mes d&rsquo;identification assist\u00e9e par ordinateur \u00e0 la fin des ann\u00e9es 1960. La principale diff\u00e9rence entre le syst\u00e8me classique de cl\u00e9 et ces syst\u00e8mes informatis\u00e9s est que la s\u00e9quence d&rsquo;interrogation n&rsquo;est plus la m\u00eame. Par ailleurs, ils deviennent \u00e9galement plus complets &#8211; ajout d&rsquo;images ou de documents d&rsquo;aide &#8211; pour les utilisateurs.<\/p>\n<p>Xper2 est une plate-forme d\u00e9di\u00e9e \u00e0 la description taxonomique et \u00e0 l&rsquo;identification assist\u00e9e par ordinateur. Il est tout \u00e0 fait comparable avec d&rsquo;autres logiciels existants, comme ceux d\u00e9velopp\u00e9s sur le format DELTA. Il inclut un \u00e9diteur pour \u00e9diter les descriptions taxonomiques normalis\u00e9es et plusieurs fonctionnalit\u00e9s pour identifier les sp\u00e9cimens. Il peut importer ou exporter des donn\u00e9es depuis \/ vers d&rsquo;autres formats etc. En outre ses nombreux utilitaires associ\u00e9s permettent notamment de construire une diagnose, de comparer et de calculer des diff\u00e9rences morphologiques, de cr\u00e9er automatiquement des textes en langage naturel \u00e0 partir des descriptions taxonomique structur\u00e9e (qui peuvent \u00eatre publi\u00e9s comme une monographie).<\/p>\n<h3>Caract\u00e9ristiques<\/h3>\n<p><a href=\"http:\/\/creativecommons.org\/licenses\/by-nc-nd\/2.0\/fr\/\" rel=\"license\"><img decoding=\"async\" style=\"border-width: 0;\" src=\"http:\/\/i.creativecommons.org\/l\/by-nc-nd\/3.0\/88x31.png\" alt=\"Creative Commons License\" \/><\/a><br \/>\nCe programme est gratuit. Cependant, il n&rsquo;est pas open source et est soumis \u00e0 la licence <a href=\"http:\/\/creativecommons.org\/licenses\/by-nc-nd\/2.0\/fr\/\" rel=\"license\">Creative Commons Paternit\u00e9-Pas d&rsquo;Utilisation Commerciale-Pas de Modification 2.0 France<\/a>.<\/p>\n<p>Xper2 est disponible sous Windows, MacOS ou Linux.<\/p>\n<p>Il ne n\u00e9cessite aucune comp\u00e9tence informatique. Il est tr\u00e8s facile d&rsquo;utilisation pour le naturaliste amateur qui a juste besoin d&rsquo;une application pour identifier ses sp\u00e9cimens mais s&rsquo;av\u00e8re \u00e9galement tr\u00e8s utile pour le taxonomiste professionnel d\u00e9sirant cr\u00e9er ses propres bases de connaissances.<\/p>\n<p>L&rsquo;identification peut se faire <a class=\"xper2\" href=\"?q=fr\/ressources\/logiciels\/cai\/xper2\/enligneiao\">en ligne<\/a> ou localement apr\u00e8s t\u00e9l\u00e9chargement et installation du logiciel.<\/p>\n<p>Le d\u00e9veloppement du logiciel Xper\u00b2 a b\u00e9n\u00e9fici\u00e9 de l&rsquo;expertise du laboratoire (pr\u00e9c\u00e9dent logiciel Xper), La compatibilit\u00e9 est d&rsquo;ailleurs totale entre ces deux logiciels.<\/p>\n<p>Il existe de nombreuses <a class=\"xper2\" href=\"http:\/\/lis-upmc.snv.jussieu.fr\/xper2\/infosXper2Bases\/\">bases de connaissances<\/a> sur diff\u00e9rents groupes taxonomiques disponible en ligne.<\/p>\n<p>Le d\u00e9veloppement de Xper2 a \u00e9t\u00e9 possible gr\u00e2ce aux travaux de recherches de J. Lebbe et de R. Vignes<\/p>\n<\/div>\n","protected":false},"excerpt":{"rendered":"<p>Documentation T\u00e9l\u00e9chargement Communaut\u00e9 Acc\u00e9der au Wiki Xper Pr\u00e9sentation L&rsquo;identification des sp\u00e9cimens (existant ou fossile) est un point crucial pour toute \u00e9tude biologique: inventaire de la biodiversit\u00e9, \u00e9tudes phylog\u00e9n\u00e9tiques, \u00e9tudes de l&rsquo;\u00e9cologie etc. Jusqu&rsquo;\u00e0 pr\u00e9sent, les cl\u00e9s dichotomiques ont toujours \u00e9t\u00e9 l&rsquo;outil le plus commun\u00e9ment employ\u00e9 pour faire de l&rsquo;identification. Mais la repr\u00e9sentation des connaissances et [&hellip;]<\/p>\n","protected":false},"author":1,"featured_media":0,"parent":9,"menu_order":2,"comment_status":"closed","ping_status":"closed","template":"","meta":{"footnotes":""},"class_list":["post-18","page","type-page","status-publish","hentry"],"blocksy_meta":{"styles_descriptor":{"styles":{"desktop":"","tablet":"","mobile":""},"google_fonts":[],"version":6}},"_links":{"self":[{"href":"http:\/\/infosyslab.fr\/index.php\/wp-json\/wp\/v2\/pages\/18","targetHints":{"allow":["GET"]}}],"collection":[{"href":"http:\/\/infosyslab.fr\/index.php\/wp-json\/wp\/v2\/pages"}],"about":[{"href":"http:\/\/infosyslab.fr\/index.php\/wp-json\/wp\/v2\/types\/page"}],"author":[{"embeddable":true,"href":"http:\/\/infosyslab.fr\/index.php\/wp-json\/wp\/v2\/users\/1"}],"replies":[{"embeddable":true,"href":"http:\/\/infosyslab.fr\/index.php\/wp-json\/wp\/v2\/comments?post=18"}],"version-history":[{"count":7,"href":"http:\/\/infosyslab.fr\/index.php\/wp-json\/wp\/v2\/pages\/18\/revisions"}],"predecessor-version":[{"id":615,"href":"http:\/\/infosyslab.fr\/index.php\/wp-json\/wp\/v2\/pages\/18\/revisions\/615"}],"up":[{"embeddable":true,"href":"http:\/\/infosyslab.fr\/index.php\/wp-json\/wp\/v2\/pages\/9"}],"wp:attachment":[{"href":"http:\/\/infosyslab.fr\/index.php\/wp-json\/wp\/v2\/media?parent=18"}],"curies":[{"name":"wp","href":"https:\/\/api.w.org\/{rel}","templated":true}]}}