{"id":59,"date":"2012-06-25T15:19:35","date_gmt":"2012-06-25T13:19:35","guid":{"rendered":"http:\/\/localhost\/infosyslab-wp\/index.php\/themes\/"},"modified":"2023-02-22T10:12:31","modified_gmt":"2023-02-22T09:12:31","slug":"themes","status":"publish","type":"page","link":"http:\/\/infosyslab.fr\/index.php\/themes\/","title":{"rendered":"Recherche"},"content":{"rendered":"<p><span class=\"themes\"><strong>Recherche m\u00e9thodologique en syst\u00e9matique<\/strong><\/span><\/p>\n<p>Ce premier objectif du LIS, est de fournir une description formelle (non ambigu\u00eb) des structures, concepts et<br \/>\nrelations utilis\u00e9s en Syst\u00e9matique. Nous avons ainsi d\u00e9velopp\u00e9 un formalisme pour la description taxonomique et l&rsquo;identification qui est en cours d&rsquo;extension \u00e0 la phylog\u00e9nie et \u00e0 la biog\u00e9ographie.<\/p>\n<p><span class=\"themes\"><strong>Bases de donn\u00e9es et bases de connaissances<\/strong><\/span><\/p>\n<p>Ce second objectif, se focalise sur les bases de donn\u00e9es, l&rsquo;acquisition et la repr\u00e9sentation des connaissances, la classification au sens large et l&rsquo;algorithmique.<\/p>\n<p>En dernier lieu, la recherche m\u00e9thodologique est valid\u00e9e par des impl\u00e9mentations informatiques appliqu\u00e9es \u00e0 des cas biologiques particuliers.  <span class=\"themes\"><a href=\"\/lis\/?q=fr\/ressources\" class=\"annotation\">   En savoir plus&#8230;<\/a><\/span><\/p>\n","protected":false},"excerpt":{"rendered":"<p>Recherche m\u00e9thodologique en syst\u00e9matique Ce premier objectif du LIS, est de fournir une description formelle (non ambigu\u00eb) des structures, concepts et relations utilis\u00e9s en Syst\u00e9matique. Nous avons ainsi d\u00e9velopp\u00e9 un formalisme pour la description taxonomique et l&rsquo;identification qui est en cours d&rsquo;extension \u00e0 la phylog\u00e9nie et \u00e0 la biog\u00e9ographie. Bases de donn\u00e9es et bases de [&hellip;]<\/p>\n","protected":false},"author":1,"featured_media":0,"parent":0,"menu_order":0,"comment_status":"closed","ping_status":"closed","template":"","meta":{"footnotes":""},"class_list":["post-59","page","type-page","status-publish","hentry"],"blocksy_meta":{"styles_descriptor":{"styles":{"desktop":"","tablet":"","mobile":""},"google_fonts":[],"version":6}},"_links":{"self":[{"href":"http:\/\/infosyslab.fr\/index.php\/wp-json\/wp\/v2\/pages\/59","targetHints":{"allow":["GET"]}}],"collection":[{"href":"http:\/\/infosyslab.fr\/index.php\/wp-json\/wp\/v2\/pages"}],"about":[{"href":"http:\/\/infosyslab.fr\/index.php\/wp-json\/wp\/v2\/types\/page"}],"author":[{"embeddable":true,"href":"http:\/\/infosyslab.fr\/index.php\/wp-json\/wp\/v2\/users\/1"}],"replies":[{"embeddable":true,"href":"http:\/\/infosyslab.fr\/index.php\/wp-json\/wp\/v2\/comments?post=59"}],"version-history":[{"count":1,"href":"http:\/\/infosyslab.fr\/index.php\/wp-json\/wp\/v2\/pages\/59\/revisions"}],"predecessor-version":[{"id":522,"href":"http:\/\/infosyslab.fr\/index.php\/wp-json\/wp\/v2\/pages\/59\/revisions\/522"}],"wp:attachment":[{"href":"http:\/\/infosyslab.fr\/index.php\/wp-json\/wp\/v2\/media?parent=59"}],"curies":[{"name":"wp","href":"https:\/\/api.w.org\/{rel}","templated":true}]}}