{"id":105,"date":"2012-06-25T15:19:35","date_gmt":"2012-06-25T13:19:35","guid":{"rendered":"http:\/\/localhost\/infosyslab-wp\/index.php\/gbif-2\/"},"modified":"2023-02-22T09:59:46","modified_gmt":"2023-02-22T08:59:46","slug":"gbif-2","status":"publish","type":"page","link":"https:\/\/infosyslab.fr\/index.php\/reseau\/gbif-2\/","title":{"rendered":"Global Biodiversity Information Facilities (GBIF &#8211; France)"},"content":{"rendered":"<p>Le GBIF (Global Biodiversity Information Facility) : un syst\u00e8me mondial d&rsquo;information sur la biodiversit\u00e9<\/p>\n<ul>* Un espace sur internet d\u00e9di\u00e9 \u00e0 la biodiversit\u00e9 dans le monde, orient\u00e9 vers les chercheurs et d\u00e9cisionnaires, mais accessible \u00e0 tous.<\/ul>\n<ul>* Un projet international permettant la consultation \u00e0 l&rsquo;\u00e9chelle mondiale des donn\u00e9es primaires sur la biodiversit\u00e9 (du g\u00e8ne \u00e0 l&rsquo;\u00e9cosyst\u00e8me) [consulter des donn\u00e9es&#8230;]<\/ul>\n<ul>* Un syst\u00e8me d&rsquo;information permettant de num\u00e9riser des donn\u00e9es accessibles de fa\u00e7on rapide, publique et gratuite via un <span class=\"reseau\"><a href=\"http:\/\/data.gbif.org\">portail<\/a><\/span> Internet international<\/ul>\n<ul>* Un r\u00e9seau de points nodaux nationaux, et d&rsquo;organismes internationaux, chaque point nodal ayant pour r\u00f4le l&rsquo;information, l&rsquo;assistance et la formation aupr\u00e8s des fournisseurs de donn\u00e9es et des utilisateurs<\/ul>\n<ul>* Un outil fournissant des donn\u00e9es et des informations scientifiques fiables et en nombre, sur lesquelles baser des analyses scientifiques valables et des d\u00e9cisions de gestion de la biodiversit\u00e9<\/ul>\n<ul>* Un programme \u00e0 long terme s&rsquo;attachant dans un premier temps \u00e0 mettre en ligne des donn\u00e9es \u00e0 l&rsquo;\u00e9chelle des esp\u00e8ces et des sp\u00e9cimens (collections d&rsquo;histoire naturelle et observations en milieu naturel)<\/ul>\n<p>Pour en savoir plus sur les activit\u00e9s du <span class=\"reseau\"><a href=\"http:\/\/www.gbif.fr\">GBIF France<\/a><\/span><\/p>\n","protected":false},"excerpt":{"rendered":"<p>Le GBIF (Global Biodiversity Information Facility) : un syst\u00e8me mondial d&rsquo;information sur la biodiversit\u00e9 * Un espace sur internet d\u00e9di\u00e9 \u00e0 la biodiversit\u00e9 dans le monde, orient\u00e9 vers les chercheurs et d\u00e9cisionnaires, mais accessible \u00e0 tous. * Un projet international permettant la consultation \u00e0 l&rsquo;\u00e9chelle mondiale des donn\u00e9es primaires sur la biodiversit\u00e9 (du g\u00e8ne \u00e0 [&hellip;]<\/p>\n","protected":false},"author":1,"featured_media":0,"parent":15,"menu_order":1,"comment_status":"closed","ping_status":"closed","template":"","meta":{"footnotes":""},"class_list":["post-105","page","type-page","status-publish","hentry"],"blocksy_meta":{"styles_descriptor":{"styles":{"desktop":"","tablet":"","mobile":""},"google_fonts":[],"version":6}},"_links":{"self":[{"href":"https:\/\/infosyslab.fr\/index.php\/wp-json\/wp\/v2\/pages\/105","targetHints":{"allow":["GET"]}}],"collection":[{"href":"https:\/\/infosyslab.fr\/index.php\/wp-json\/wp\/v2\/pages"}],"about":[{"href":"https:\/\/infosyslab.fr\/index.php\/wp-json\/wp\/v2\/types\/page"}],"author":[{"embeddable":true,"href":"https:\/\/infosyslab.fr\/index.php\/wp-json\/wp\/v2\/users\/1"}],"replies":[{"embeddable":true,"href":"https:\/\/infosyslab.fr\/index.php\/wp-json\/wp\/v2\/comments?post=105"}],"version-history":[{"count":1,"href":"https:\/\/infosyslab.fr\/index.php\/wp-json\/wp\/v2\/pages\/105\/revisions"}],"predecessor-version":[{"id":513,"href":"https:\/\/infosyslab.fr\/index.php\/wp-json\/wp\/v2\/pages\/105\/revisions\/513"}],"up":[{"embeddable":true,"href":"https:\/\/infosyslab.fr\/index.php\/wp-json\/wp\/v2\/pages\/15"}],"wp:attachment":[{"href":"https:\/\/infosyslab.fr\/index.php\/wp-json\/wp\/v2\/media?parent=105"}],"curies":[{"name":"wp","href":"https:\/\/api.w.org\/{rel}","templated":true}]}}