{"id":32,"date":"2012-06-25T15:19:35","date_gmt":"2012-06-25T13:19:35","guid":{"rendered":"http:\/\/localhost\/infosyslab-wp\/index.php\/about\/"},"modified":"2023-02-22T10:07:06","modified_gmt":"2023-02-22T09:07:06","slug":"about","status":"publish","type":"page","link":"https:\/\/infosyslab.fr\/","title":{"rendered":"\u00c0 propos du LIS"},"content":{"rendered":"<p>Le LIS est une \u00e9quipe de l&rsquo;Institut de Syst\u00e9matique, Evolution, Biodiversit\u00e9 (ISYEB, <span class=\"reseau\"><a href=\"http:\/\/isyeb.mnhn.fr\">Acc\u00e9dez au site de l&rsquo;UMR 7205<\/a>). L&rsquo;\u00e9quipe est<\/span>\u00a0compos\u00e9e de biologistes et d&rsquo;informaticiens regroup\u00e9s autour d&rsquo;une ambition commune : le d\u00e9veloppement de la Syst\u00e9matique Assist\u00e9e par Ordinateur.<br \/>\nL&rsquo;originalit\u00e9 de ce groupe de travail pluridisciplinaire repose sur une approche tr\u00e8s m\u00e9thodologique de la syst\u00e9matique mais aussi de l&rsquo;informatique.<\/p>\n<p>Ainsi ses axes d&rsquo;\u00e9tudes majeurs sont :<\/p>\n<ul>\n<li>la Formalisation des concepts, des connaissances et des pratiques de la Syst\u00e9matique (mod\u00e9lisation et repr\u00e9sentation des connaissances);<\/li>\n<li>l&rsquo;Informatisation (bases de donn\u00e9es et bases de connaissances) des sp\u00e9cimens et des descriptions taxonomiques;<\/li>\n<li>la Conception et la mise en \u0153uvre logicielle de m\u00e9thodes d&rsquo;analyse des descriptions taxonomiques et d&rsquo;aide \u00e0 l&rsquo;identification (discrimination et classification au sens large);<\/li>\n<li>la Phylog\u00e9nie et la Biog\u00e9ographie.<\/li>\n<\/ul>\n<p><i>R\u00e9gine Vignes-Lebbe, Directrice du LIS.<\/i><\/p>\n","protected":false},"excerpt":{"rendered":"<p>Le LIS est une \u00e9quipe de l&rsquo;Institut de Syst\u00e9matique, Evolution, Biodiversit\u00e9 (ISYEB, Acc\u00e9dez au site de l&rsquo;UMR 7205). L&rsquo;\u00e9quipe est\u00a0compos\u00e9e de biologistes et d&rsquo;informaticiens regroup\u00e9s autour d&rsquo;une ambition commune : le d\u00e9veloppement de la Syst\u00e9matique Assist\u00e9e par Ordinateur. L&rsquo;originalit\u00e9 de ce groupe de travail pluridisciplinaire repose sur une approche tr\u00e8s m\u00e9thodologique de la syst\u00e9matique mais [&hellip;]<\/p>\n","protected":false},"author":1,"featured_media":0,"parent":0,"menu_order":0,"comment_status":"closed","ping_status":"closed","template":"","meta":{"footnotes":""},"class_list":["post-32","page","type-page","status-publish","hentry"],"blocksy_meta":{"styles_descriptor":{"styles":{"desktop":"","tablet":"","mobile":""},"google_fonts":[],"version":6}},"_links":{"self":[{"href":"https:\/\/infosyslab.fr\/index.php\/wp-json\/wp\/v2\/pages\/32","targetHints":{"allow":["GET"]}}],"collection":[{"href":"https:\/\/infosyslab.fr\/index.php\/wp-json\/wp\/v2\/pages"}],"about":[{"href":"https:\/\/infosyslab.fr\/index.php\/wp-json\/wp\/v2\/types\/page"}],"author":[{"embeddable":true,"href":"https:\/\/infosyslab.fr\/index.php\/wp-json\/wp\/v2\/users\/1"}],"replies":[{"embeddable":true,"href":"https:\/\/infosyslab.fr\/index.php\/wp-json\/wp\/v2\/comments?post=32"}],"version-history":[{"count":3,"href":"https:\/\/infosyslab.fr\/index.php\/wp-json\/wp\/v2\/pages\/32\/revisions"}],"predecessor-version":[{"id":633,"href":"https:\/\/infosyslab.fr\/index.php\/wp-json\/wp\/v2\/pages\/32\/revisions\/633"}],"wp:attachment":[{"href":"https:\/\/infosyslab.fr\/index.php\/wp-json\/wp\/v2\/media?parent=32"}],"curies":[{"name":"wp","href":"https:\/\/api.w.org\/{rel}","templated":true}]}}