{"id":4,"date":"2012-06-25T15:19:35","date_gmt":"2012-06-25T13:19:35","guid":{"rendered":"http:\/\/localhost\/infosyslab-wp\/index.php\/ressources\/"},"modified":"2023-06-21T17:25:39","modified_gmt":"2023-06-21T15:25:39","slug":"ressources","status":"publish","type":"page","link":"https:\/\/infosyslab.fr\/index.php\/ressources\/","title":{"rendered":"Ressources scientifiques"},"content":{"rendered":"<p><span class=\"ressources\"><strong>Productions de l&rsquo;\u00e9quipe<\/strong><\/span><\/p>\n<p>Le LIS est un acteur majeur dans la cr\u00e9ation d&rsquo;outils informatiques autour de l&rsquo;identification assist\u00e9 par ordinateur, la phylog\u00e9nie ou encore la biog\u00e9ographie.<br \/>\nUne \u00e9quipe compos\u00e9e d&rsquo;informaticiens, de bioinformaticiens et de biologistes (taxonomistes, syst\u00e9maticiens) unissent leur efforts dans le but de mettre \u00e0 disposition des outils innovants, ergonomiques et performants.<\/p>\n<p><a href=\"https:\/\/infosyslab.fr\/index.php\/ressources\/logiciels\/xper2\/\"><span class=\"ressources\">Xper\u00b2<\/span><\/a> (Gestionnaire de base de connaissances) est l&rsquo;application phare d\u00e9velopp\u00e9e par l&rsquo;\u00e9quipe, et ses derniers d\u00e9veloppements\/\u00e9volutions concerne notamment l&rsquo;interop\u00e9rabilit\u00e9 avec d&rsquo;autres syst\u00e8mes, une des demandes que nous avions de nos utilisateurs.<\/p>\n<p><a href=\"https:\/\/infosyslab.fr\/index.php\/ressources\/logiciels\/lisbeth\/\"><span class=\"ressources\">LisBeth<\/span><\/a> est un programme informatique qui met en \u0153uvre l&rsquo;analyse \u00e0 3 \u00e9l\u00e9ments (3IA) pour la recherche en phylog\u00e9n\u00e9tique cladistique et la biog\u00e9ographie. Il est disponible gratuitement.<\/p>\n<p><a href=\"https:\/\/infosyslab.fr\/index.php\/ressources\/logiciels\/lognom\/\">Lognom<\/a> (pour LOGiciel de NOMenclature) est une application web gratuite visant \u00e0 faciliter la prise de d\u00e9cision en mati\u00e8re de nomenclature zoologique.<\/p>\n","protected":false},"excerpt":{"rendered":"<p>Productions de l&rsquo;\u00e9quipe Le LIS est un acteur majeur dans la cr\u00e9ation d&rsquo;outils informatiques autour de l&rsquo;identification assist\u00e9 par ordinateur, la phylog\u00e9nie ou encore la biog\u00e9ographie. Une \u00e9quipe compos\u00e9e d&rsquo;informaticiens, de bioinformaticiens et de biologistes (taxonomistes, syst\u00e9maticiens) unissent leur efforts dans le but de mettre \u00e0 disposition des outils innovants, ergonomiques et performants. Xper\u00b2 (Gestionnaire [&hellip;]<\/p>\n","protected":false},"author":1,"featured_media":0,"parent":0,"menu_order":0,"comment_status":"closed","ping_status":"closed","template":"","meta":{"footnotes":""},"class_list":["post-4","page","type-page","status-publish","hentry"],"blocksy_meta":{"styles_descriptor":{"styles":{"desktop":"","tablet":"","mobile":""},"google_fonts":[],"version":6}},"_links":{"self":[{"href":"https:\/\/infosyslab.fr\/index.php\/wp-json\/wp\/v2\/pages\/4","targetHints":{"allow":["GET"]}}],"collection":[{"href":"https:\/\/infosyslab.fr\/index.php\/wp-json\/wp\/v2\/pages"}],"about":[{"href":"https:\/\/infosyslab.fr\/index.php\/wp-json\/wp\/v2\/types\/page"}],"author":[{"embeddable":true,"href":"https:\/\/infosyslab.fr\/index.php\/wp-json\/wp\/v2\/users\/1"}],"replies":[{"embeddable":true,"href":"https:\/\/infosyslab.fr\/index.php\/wp-json\/wp\/v2\/comments?post=4"}],"version-history":[{"count":1,"href":"https:\/\/infosyslab.fr\/index.php\/wp-json\/wp\/v2\/pages\/4\/revisions"}],"predecessor-version":[{"id":622,"href":"https:\/\/infosyslab.fr\/index.php\/wp-json\/wp\/v2\/pages\/4\/revisions\/622"}],"wp:attachment":[{"href":"https:\/\/infosyslab.fr\/index.php\/wp-json\/wp\/v2\/media?parent=4"}],"curies":[{"name":"wp","href":"https:\/\/api.w.org\/{rel}","templated":true}]}}