{"id":61,"date":"2012-06-25T15:19:35","date_gmt":"2012-06-25T13:19:35","guid":{"rendered":"http:\/\/localhost\/infosyslab-wp\/index.php\/formalisation\/"},"modified":"2023-02-22T10:15:23","modified_gmt":"2023-02-22T09:15:23","slug":"formalisation","status":"publish","type":"page","link":"https:\/\/infosyslab.fr\/index.php\/themes\/formalisation\/","title":{"rendered":"Formalisation et Informatisation des connaissances"},"content":{"rendered":"<p>La r\u00e9flexion sur la nature et la formalisation des donn\u00e9es et des connaissances est cruciale pour la conception et les d\u00e9veloppements m\u00e9thodologiques.<\/p>\n<p>Ainsi nous avons d\u00e9j\u00e0 men\u00e9 des travaux sur :<br \/>\n* la formalisation des caract\u00e8res tant pour la phylog\u00e9nie que l\u2019identification<br \/>\n* la repr\u00e9sentation des donn\u00e9es \u00ab primaires \u00bb au travers de l\u2019informatisation des donn\u00e9es de collection       (collections de Pal\u00e9obotanique, de Biologie animale, mod\u00e8les et formats d\u2019\u00e9change internationaux utilis\u00e9s par le GBIF)<br \/>\n* la formalisation de pratiques de la taxonomie (au niveau de la nomenclature, de la description taxonomique, de l\u2019identification)<\/p>\n","protected":false},"excerpt":{"rendered":"<p>La r\u00e9flexion sur la nature et la formalisation des donn\u00e9es et des connaissances est cruciale pour la conception et les d\u00e9veloppements m\u00e9thodologiques. Ainsi nous avons d\u00e9j\u00e0 men\u00e9 des travaux sur : * la formalisation des caract\u00e8res tant pour la phylog\u00e9nie que l\u2019identification * la repr\u00e9sentation des donn\u00e9es \u00ab primaires \u00bb au travers de l\u2019informatisation des [&hellip;]<\/p>\n","protected":false},"author":1,"featured_media":0,"parent":59,"menu_order":1,"comment_status":"closed","ping_status":"closed","template":"","meta":{"footnotes":""},"class_list":["post-61","page","type-page","status-publish","hentry"],"blocksy_meta":{"styles_descriptor":{"styles":{"desktop":"","tablet":"","mobile":""},"google_fonts":[],"version":6}},"_links":{"self":[{"href":"https:\/\/infosyslab.fr\/index.php\/wp-json\/wp\/v2\/pages\/61","targetHints":{"allow":["GET"]}}],"collection":[{"href":"https:\/\/infosyslab.fr\/index.php\/wp-json\/wp\/v2\/pages"}],"about":[{"href":"https:\/\/infosyslab.fr\/index.php\/wp-json\/wp\/v2\/types\/page"}],"author":[{"embeddable":true,"href":"https:\/\/infosyslab.fr\/index.php\/wp-json\/wp\/v2\/users\/1"}],"replies":[{"embeddable":true,"href":"https:\/\/infosyslab.fr\/index.php\/wp-json\/wp\/v2\/comments?post=61"}],"version-history":[{"count":1,"href":"https:\/\/infosyslab.fr\/index.php\/wp-json\/wp\/v2\/pages\/61\/revisions"}],"predecessor-version":[{"id":524,"href":"https:\/\/infosyslab.fr\/index.php\/wp-json\/wp\/v2\/pages\/61\/revisions\/524"}],"up":[{"embeddable":true,"href":"https:\/\/infosyslab.fr\/index.php\/wp-json\/wp\/v2\/pages\/59"}],"wp:attachment":[{"href":"https:\/\/infosyslab.fr\/index.php\/wp-json\/wp\/v2\/media?parent=61"}],"curies":[{"name":"wp","href":"https:\/\/api.w.org\/{rel}","templated":true}]}}