{"id":64,"date":"2012-06-25T15:19:35","date_gmt":"2012-06-25T13:19:35","guid":{"rendered":"http:\/\/localhost\/infosyslab-wp\/index.php\/publications_en\/"},"modified":"2023-02-01T12:31:37","modified_gmt":"2023-02-01T11:31:37","slug":"publications_en","status":"publish","type":"page","link":"https:\/\/infosyslab.fr\/index.php\/en\/publications_en\/","title":{"rendered":"Publications"},"content":{"rendered":"<p><span class=\"publications\"><strong>Last papers<\/strong><\/span><\/p>\n<ul>\n<li>Pignal, M., Laudereau, C., G\u00e2tebl\u00e9, G., &amp; Laudereau, P.-L. (2022).\u00a0<i>Dendrobium petrophilum<\/i>\u00a0(Kraenzl.) Garay ex N. Hall\u00e9, a well-named species describing its unusual chasmophytic ecology.\u00a0<i>Adansonia, 44<\/i>(1), 1\u20139.\u00a0<a href=\"https:\/\/doi.org\/10.5252\/adansonia2022v44a1\" target=\"_blank\" rel=\"nofollow noopener noreferrer\">https:\/\/doi.org\/10.5252\/adansonia2022v44a1<\/a>. <a href=\"https:\/\/hal.sorbonne-universite.fr\/hal-03574302\/\">https:\/\/hal.sorbonne-universite.fr\/hal-03574302\/\u00a0<\/a><\/li>\n<li>Saliba, E. M. (2022).\u00a0 Reflections on Pavlinov (2021): understanding and expanding the study of the history and philosophy of nomenclature, a comprehensive state of the art. <em>Bionomina, 31<\/em>, 88\u201396. <span id=\"OBJ_PREFIX_DWT713_com_zimbra_url\" class=\"Object\" role=\"link\"><span id=\"OBJ_PREFIX_DWT728_com_zimbra_url\" class=\"Object-hover\" role=\"link\">https:\/\/doi.org\/10.11646\/bionomina.31.1.5<\/span><\/span><\/li>\n<li>Gourraud, A., Vignes-Lebbe, R., Kerner, A. &amp; Pignal, M. (2021) Architectural Pattern: Study of orchid architecture using tools to take quick measurements of virtual specimens. <em>Biodiversity Information Science and Standards, 5<\/em>, Art. e75752.\u00a0https:\/\/doi.org\/10.3897\/biss.5.75752<\/li>\n<li>Saliba, E. M., Vignes-Lebbe R., Dubois A., &amp; Ohler A. (2021). ZooNom: an online thesaurus for alleviating ambiguity in the terminology of zoological nomenclature.\u00a0<i>Zootaxa, 5071<\/i>(1), 42\u201350. <a href=\"https:\/\/doi.org\/10.11646\/zootaxa.5071.1.2\">https:\/\/doi.org\/10.11646\/zootaxa.5071.1.2<\/a>\u00a0 \u00a0<a href=\"https:\/\/hal-cnrs.archives-ouvertes.fr\/hal-03451775\" target=\"_blank\" rel=\"nofollow noopener noreferrer\">https:\/\/hal-cnrs.archives-ouvertes.fr\/hal-03451775<\/a><\/li>\n<li>Bourgoin, T., Bailly, N., Zarag\u00fceta-Bagils, R., &amp; Vignes-Lebbe, R. (2021). Complete formalization of taxa with their names, contents and descriptions improves taxonomic databases and access to the taxonomic knowledge they support.\u00a0<i>Systematics and Biodiversity, 19<\/i>, 738\u2013746.\u00a0<a href=\"https:\/\/doi.org\/10.1080\/14772000.2021.1915895\" target=\"_blank\" rel=\"nofollow noopener noreferrer\">https:\/\/doi.org\/10.1080\/14772000.2021.1915895<\/a><\/li>\n<li>Worsaae, K., Kerbl, A., Domenico, M. D., Gonzalez, B. C., Bekkouche, N., &amp; Mart\u00ednez, A. (2021). Interstitial Annelida.\u00a0<i>Diversity, 13<\/i>(2), Art. 77.\u00a0<a href=\"https:\/\/doi.org\/10.3390\/d13020077\" target=\"_blank\" rel=\"nofollow noopener noreferrer\">https:\/\/doi.org\/10.3390\/d13020077<\/a><\/li>\n<li>Sauc\u00e8de, T., El\u00e9aume, M., Jossart, Q., Moreau, C., Downey, R., Bax, N., . . . Vignes-Lebbe, R. (2021). Taxonomy 2.0: Computer-aided identification tools to assist Antarctic biologists in the field and in the laboratory.\u00a0<i>Antarctic Science, 33<\/i>(1), 39\u201351.\u00a0<a href=\"https:\/\/doi.org\/10.1017\/S0954102020000462\" target=\"_blank\" rel=\"nofollow noopener noreferrer\">https:\/\/doi.org\/10.1017\/S0954102020000462<\/a><\/li>\n<li>Ksepka, D. T., Balanoff, A. M., Smith, N. A., Bever, G. S., Bhullar, B. S., Bourdon, E., \u2026 Smaers, J. B. (2020). Tempo and pattern of avian brain size evolution.\u00a0<i>Current Biology, 30<\/i>(11), 2026\u20132036.e3.\u00a0<a href=\"https:\/\/doi.org\/10.1016\/j.cub.2020.03.060\" target=\"_blank\" rel=\"nofollow noopener noreferrer\">https:\/\/doi.org\/10.1016\/j.cub.2020.03.060<\/a><\/li>\n<li>Darlu, P., Tassy, P., d&rsquo;Haese, C., &amp; Zarag\u00fceta-Bagils, R. (2019).\u00a0<i>La reconstruction phylog\u00e9n\u00e9tique : concepts et m\u00e9thodes.<\/i>\u00a0Paris\u00a0: Editions Mat\u00e9riologiques.<\/li>\n<li>Bourgoin, T., Vignes Lebbe, R., &amp; Bailly, N. (2019). Visualisation of Taxonomic Knowledge: Exploring and reporting taxonomic data, training students in taxonomy.\u00a0<i>Biodiversity Information Science and Standards, 3<\/i>, Art. e37730.\u00a0<a href=\"https:\/\/doi.org\/10.3897\/biss.3.37730\" target=\"_blank\" rel=\"nofollow noopener noreferrer\">https:\/\/doi.org\/10.3897\/biss.3.37730<\/a><\/li>\n<li>Kerner, A., &amp; Vignes Lebbe, R. (2019). Multi-context knowledge base using calculated descriptors from Xper<sup>3<\/sup>: The Archaeocyaths knowledge base example.\u00a0<i>Biodiversity Information Science and Standards<\/i>,\u00a0<i>3<\/i>, Art. e37083.\u00a0<a href=\"https:\/\/doi.org\/10.3897\/biss.3.37083\" target=\"_blank\" rel=\"nofollow noopener noreferrer\">https:\/\/doi.org\/10.3897\/biss.3.37083<\/a><\/li>\n<li>Dubuisson, J.-Y., Bouquin S. &amp; Vignes-Lebbe R. (2018). Computer assisted identification: Xper and Orchids of France. <em>L\u2019Orchidophile, 219<\/em>, 311\u2013318.<\/li>\n<li>Rineau V., Zarag\u00fceta-Bagils R., &amp; Laurin M. (2018). Impact of errors on cladistic inference: simulation-based comparison between parsimony and three-taxon analysis.\u00a0<i>Contributions to Zoology<\/i>,\u00a0<i>87<\/i>(1), 25\u201340.\u00a0<a href=\"https:\/\/doi.org\/10.1163\/18759866-08701003\" target=\"_blank\" rel=\"nofollow noopener noreferrer\">https:\/\/doi.org\/10.1163\/18759866-08701003<\/a><\/li>\n<li>Vignes-Lebbe, R. (2018). Natural language, formal language and the description of the living world. In T. Gaudin, D. Lacroix, M.-C. Maurel &amp; J. C. Pomerol (Eds<i>.), Life Sciences, Information Sciences\u00a0<\/i>(pp. 250\u2013258). London: ISTE Editions.\u00a0<a href=\"https:\/\/doi.org\/10.1002\/9781119452713.ch23\" target=\"_blank\" rel=\"nofollow noopener noreferrer\">https:\/\/doi.org\/10.1002\/9781119452713.ch23<\/a><\/li>\n<li>Troudet, J., Vignes-Lebbe, R., Grandcolas, P., &amp; Legendre, F. (2018). The increasing disconnection of primary biodiversity data from specimens: How does it happen and how to handle it?\u00a0<i>Systematic biology, 67<\/i>(6), 1110\u20131119.\u00a0<a href=\"https:\/\/doi.org\/10.1093\/sysbio\/syy044\" target=\"_blank\" rel=\"nofollow noopener noreferrer\">https:\/\/doi.org\/10.1093\/sysbio\/syy044<\/a><\/li>\n<li>Jouveau, S., Delaunay, M., Vignes-Lebbe, R., &amp; Nattier, R. (2018). A multi-access identification key based on colour patterns in ladybirds (Coleoptera, Coccinellidae).\u00a0<i>ZooKeys, 758<\/i>, 55\u201373.\u00a0<a href=\"https:\/\/doi.org\/10.3897\/zookeys.758.22171\" target=\"_blank\" rel=\"nofollow noopener noreferrer\">https:\/\/doi.org\/10.3897\/zookeys.758.22171<\/a><\/li>\n<li>Troudet, J., Grandcolas, P., Blin, A., Vignes-Lebbe, R., &amp; Legendre, F. (2017). Taxonomic bias in biodiversity data and societal preferences.\u00a0<i>Scientific Reports, 7<\/i>(1), Art. 9132.\u00a0<a href=\"https:\/\/doi.org\/10.1038\/s41598-017-09084-6\" target=\"_blank\" rel=\"nofollow noopener noreferrer\">https:\/\/doi.org\/10.1038\/s41598-017-09084-6<\/a><\/li>\n<li>Joly, P., &amp; Vignes-Lebbe, R. (2017). Les collections mus\u00e9ologiques. In M. Bouzeghoub &amp; R. Mosseri (Eds.),\u00a0<i>Les Big Data \u00e0 d\u00e9couvert<\/i>\u00a0(pp. 50\u201351). Paris : CNRS.<\/li>\n<li>Vignes-Lebbe, R. (2017). Langage naturel, langage formel et description du vivant. In T. Gaudin, D. Lacroix, M.-C. Maurel &amp; J. C. Pomerol (Eds.),\u00a0<i>Sciences de la Vie et Sciences de l&rsquo;Information<\/i>. Londres\u00a0: ISTE Editions.<\/li>\n<li>Pellen, F., Bouquin, S., Mougenot, I., &amp; Vignes-Lebbe, R. (2018). Building an OWL ontology with Xper3.\u00a0<i>Biodiversity Information Science and Standards, 2<\/i>, Art. e25614.\u00a0<a href=\"https:\/\/doi.org\/10.3897\/biss.2.25614\" target=\"_blank\" rel=\"nofollow noopener noreferrer\">https:\/\/doi.org\/10.3897\/biss.2.25614<\/a><\/li>\n<li>Vignes-Lebbe, R., Bouquin, S., Kerner, A., &amp; Bourdon, E. (2017). Desktop or remote knowledge base management systems for taxonomic data and identification keys: Xper<sup>2<\/sup>\u00a0and Xper<sup>3<\/sup>.\u00a0<i>Biodiversity Information Science and Standards<\/i>,\u00a0<i>1<\/i>, Art. e19911.\u00a0<a href=\"https:\/\/doi.org\/10.3897\/tdwgproceedings.1.19911\" target=\"_blank\" rel=\"nofollow noopener noreferrer\">https:\/\/doi.org\/10.3897\/tdwgproceedings.1.19911<\/a><\/li>\n<li>Pinel, A., Bouquin, S., Bourdon, E., Kerner, A., &amp; Vignes-Lebbe, R. (2017). Three years of Xper<sup>3<\/sup>\u00a0assessment: towards sharing semantic taxonomic content of identification keys.\u00a0<i>Biodiversity Information Science and Standards, 1<\/i>, Art. e20382.\u00a0<a href=\"https:\/\/doi.org\/10.3897\/tdwgproceedings.1.20382\" target=\"_blank\" rel=\"nofollow noopener noreferrer\">https:\/\/doi.org\/10.3897\/tdwgproceedings.1.20382<\/a><\/li>\n<li>Diep Thi, M.-H., Gurgand, J., Vignes-Lebbe, R., Nguyen, H.-P., Nguyen, B.-L., Haevermans, T. (2016).\u00a0<i>Bambous d&rsquo;Indochine : descripteurs morphologiques pour l\u2019identification.<\/i>\u00a0Science and Technology Committee. Vietnam National University of Ho Chi Minh City.<\/li>\n<li>Vignes-Lebbe, R., Chesselet, P., Diep Thi, M.-H. (2016). Xper<sup>3<\/sup>: New tools for collaborating, training and transmitting knowledge on botanical phenotypes. In N. R. Rakotoarisoa, S. Blackmore &amp; B. Riera (eds.),<i>\u00a0Botanists of the twenty-first century: roles, challenges and opportunities\u00a0<\/i>(228\u2013239). Paris: UNESCO.<\/li>\n<li>Lecointre, G., De Wever, P., Ekstr\u00f6m, S., Gargaud, M., Gounelle, M., Klein, E., Longo, G., Martin, H., Pav\u00e9, A., Walliser, B., Zanda,B., &amp; Zarag\u00fceta-Bagils, R. (2015). Cat\u00e9gories et classification face au changement. In M. Gargaud, &amp; G. \u00a0Lecointre (dirs.),\u00a0<i>L\u2019\u00e9volution, de l\u2019univers aux soci\u00e9t\u00e9s\u00a0: Objets et concepts<\/i>\u00a0(pp. 421\u2013454). Paris\u00a0: \u00c9ditions Mat\u00e9riologiques.<\/li>\n<li>Cecca, F., &amp; Zarag\u00fceta Bagils, R. (2015). Pal\u00e9obiog\u00e9ographie. Collection G\u00e9osph\u00e8res dirig\u00e9e par P. de Wever. Les Ulis\u00a0: EDP Sciences.\u00a0<a href=\"https:\/\/doi.org\/10.1051\/978-2-7598-1895-2\" target=\"_blank\" rel=\"nofollow noopener noreferrer\">https:\/\/doi.org\/10.1051\/978-2-7598-1895-2<\/a><\/li>\n<li>Zarag\u00fceta-Bagils, R. (2015). Les deux biog\u00e9ographies\u00a0: Biog\u00e9ographie historique\u00a0<i>vs\u00a0<\/i>histoire g\u00e9ographique.\u00a0<i>Biosystema, 30,\u00a0<\/i>133\u2013154.<\/li>\n<li>Rineau, V., Grand, A., Zarag\u00fceta-Bagils, R., Laurin, M. (2015). Experimental systematics: sensitivity of cladistic methods to polarization and character ordering schemes.\u00a0<i>Contributions to Zoology, 84<\/i>\u00a0(2) 129\u2013148.\u00a0<a href=\"https:\/\/doi.org\/10.1163\/18759866-08402003\" target=\"_blank\" rel=\"nofollow noopener noreferrer\">https:\/\/doi.org\/10.1163\/18759866-08402003<\/a><\/li>\n<li>Cavoto, P., Cardoso, V., Vignes-Lebbe, R., &amp; Santanch\u00e8, A. (2015). FishGraph: A Network-Driven Data Analysis.\u00a0<i>2015 IEEE 11th International Conference on e-Science<\/i>, 177\u2013186.\u00a0<a href=\"https:\/\/doi.org\/10.1109\/eScience.2015.61\" target=\"_blank\" rel=\"nofollow noopener noreferrer\">https:\/\/doi.org\/10.1109\/eScience.2015.61<\/a><\/li>\n<li>Ung, V., Zarag\u00fceta-Bagils, R., &amp; Williams, D. (2014). Comparative biogeography of Southeast Asia and the West Pacific region.\u00a0<i>Biological Journal of the Linnean Society, 117<\/i>(2), 372\u2013385.\u00a0<a href=\"https:\/\/doi.org\/10.1111\/bij.12670\" target=\"_blank\" rel=\"nofollow noopener noreferrer\">https:\/\/doi.org\/10.1111\/bij.12670<\/a><\/li>\n<li>Grand, A., Vignes-Lebbe, R., &amp; Santanch\u00e8, A. (2014). from phenotypes to trees of life: A metamodel-driven approach for the integration of taxonomy models.\u00a0<i>2014 IEEE 10th International Conference on e-Science, 1,<\/i>\u00a065\u201372.\u00a0<a href=\"https:\/\/doi.org\/10.1109\/eScience.2014.48\" target=\"_blank\" rel=\"nofollow noopener noreferrer\">https:\/\/doi.org\/10.1109\/eScience.2014.48<\/a><\/li>\n<li>Grand, A., Zarag\u00fceta-Bagils, R., V\u00e9lez, L. M., &amp; Ung, V. (2014). A cladistic re-analysis of the Gadiformes (Teleostei, Paracanthopterygii) using three-item analysis.\u00a0<i>Zootaxa, 3889<\/i>(4), 525\u2013552.\u00a0<a href=\"https:\/\/doi.org\/10.11646\/zootaxa.3889.4.3\" target=\"_blank\" rel=\"nofollow noopener noreferrer\">https:\/\/doi.org\/10.11646\/zootaxa.3889.4.3<\/a><\/li>\n<li>Thacker, R. W., D\u00edaz, M. C., Kerner, A., Vignes-Lebbe, R., Segerdell, E., Haendel, M. A., &amp; Mungall, C. J. (2014). The Porifera Ontology (PORO): enhancing sponge systematics with an anatomy ontology.\u00a0<i>Journal of Biomedical Semantics, 5<\/i>(1), Art. 39.\u00a0<a href=\"https:\/\/doi.org\/10.1186\/2041-1480-5-39\" target=\"_blank\" rel=\"nofollow noopener noreferrer\">https:\/\/doi.org\/10.1186\/2041-1480-5-39<\/a><\/li>\n<li>Corvez, A., &amp; Grand, A. (2014). Enabling comparisons of characters using an Xper<sup>2\u00a0<\/sup>based knowledge-base of fern morphology.\u00a0<i>Phytotaxa, 183<\/i>(3), 145\u2013158.\u00a0<a href=\"https:\/\/doi.org\/10.11646\/phytotaxa.183.3.2\" target=\"_blank\" rel=\"nofollow noopener noreferrer\">https:\/\/doi.org\/10.11646\/phytotaxa.183.3.2<\/a><\/li>\n<li>Chr\u00e9tiennot-Dinet, M. J., Desreumaux, N., &amp; Vignes-Lebbe, R. (2014). An interactive key to the\u00a0<i>Chrysochromulina<\/i>\u00a0species (Haptophyta) described in the literature.\u00a0<i>PhytoKeys, 34<\/i>, 47\u201360.\u00a0<a href=\"https:\/\/doi.org\/10.3897\/phytokeys.34.6242\" target=\"_blank\" rel=\"nofollow noopener noreferrer\">https:\/\/doi.org\/10.3897\/phytokeys.34.6242<\/a><\/li>\n<li>GBIF France (L\u2019\u00e9quipe GBIF France 2013 comprend\/GBIF France 2013 was constituted by Anne-Sophie Archambeau, Eric Chenin, Marie-Elise Lecoq, Pere Roca Ristol, et R\u00e9gine Vignes Lebbe). (2013). Le GBIF : Ouvrir l&rsquo;acc\u00e8s aux donn\u00e9es primaires sur la biodiversit\u00e9.\u00a0<i>Networks and Communication Studies<\/i>,\u00a0<i>27<\/i>(1-2), 154\u2013164.\u00a0<a href=\"https:\/\/doi.org\/10.4000\/netcom.1390\" target=\"_blank\" rel=\"nofollow noopener noreferrer\">https:\/\/doi.org\/10.4000\/netcom.1390<\/a><\/li>\n<li>Burgui\u00e8re, T., Causse, F., Ung, V., &amp; Vignes-Lebbe, R. (2013). IKey+: a new single-access key generation web service.\u00a0<i>Systematic biology, 62<\/i>(1), 157\u2013161.\u00a0<a href=\"https:\/\/doi.org\/10.1093\/sysbio%2Fsys069\" target=\"_blank\" rel=\"nofollow noopener noreferrer\">https:\/\/doi.org\/10.1093\/sysbio%2Fsys069<\/a><\/li>\n<li>Zarag\u00fceta-Bagils, R., Ung, V., Grand, A., Vignes-Lebbe, R., Cao, N., &amp; Ducasse, J. (2012). LisBeth : New cladistics for phylogenetics and biogeography.\u00a0<i>Comptes Rendus Palevol,<\/i>\u00a0<i>11<\/i>(8), 563\u2013566.\u00a0<a href=\"https:\/\/doi.org\/10.1016\/j.crpv.2012.07.002\" target=\"_blank\" rel=\"nofollow noopener noreferrer\">https:\/\/doi.org\/10.1016\/j.crpv.2012.07.002<\/a><\/li>\n<li>Mathieu, B., Cetre-Sossah, C., Garros, C., Chavernac, D., Balenghien, T., Setier-Rio, M.L., Vignes-Lebbe, R., Ung, V., Candolfi, E., Delecolle, J. C. (2012). Development and validation of IIKC: an interactive identification key for\u00a0<i>Culicoides\u00a0<\/i>(Diptera: Ceratopogonidae) females from the Western Palaearctic region.\u00a0<i>Parasites and Vectors, 5<\/i>, Art. 137.\u00a0<a href=\"http:\/\/dx.doi.org\/10.1186\/1756-3305-5-137\" target=\"_blank\" rel=\"nofollow noopener noreferrer\">http:\/\/dx.doi.org\/10.1186\/1756-3305-5-137<\/a><\/li>\n<li>Kerner, A. (2012). Archaeocyatha, a computer-aided identification of genera.\u00a0<i>Geologica Belgica, 15<\/i>(4), 209\u2013214.<\/li>\n<li>Kerner, A., Vignes-Lebbe, R., &amp; Debrenne, F. (2011). Computer-aided identification of the Archaeocyatha genera now available online.\u00a0<i>Carnet de G\u00e9ologie, 11<\/i>(Letters 02), 99\u2013102.\u00a0<a href=\"https:\/\/doi.org\/10.4267\/2042%2F42329\" target=\"_blank\" rel=\"nofollow noopener noreferrer\">https:\/\/doi.org\/10.4267\/2042%2F42329<\/a><\/li>\n<li>Kerner, A., Debrenne, F., &amp; Vignes-Lebbe, R. (2011). Cambrian archaeocyathan metazoans: revision of morphological characters and standardization of genus descriptions to establish an online identification tool.\u00a0<i>Zookeys, 150<\/i>, 381\u2013395.\u00a0<a href=\"https:\/\/doi.org\/10.3897\/zookeys.150.1566\" target=\"_blank\" rel=\"nofollow noopener noreferrer\">https:\/\/doi.org\/10.3897\/zookeys.150.1566<\/a><\/li>\n<li>Nimis, P. L., &amp; Vignes-Lebbe R. (eds.). (2010).<i>\u00a0Tools for identifying biodiversity: Progress and problems<\/i>. Trieste: Edizioni Universit\u00e0di Trieste.<\/li>\n<li>Ung, V., Dubus, G., Zarag\u00fceta-Bagils, R., &amp; Vignes-Lebbe, R. (2010). Xper\u00b2: introducing e-Taxonomy.\u00a0<i>Bioinformatics<\/i>,\u00a0<i>26<\/i>(5), 703\u2013704.\u00a0<a href=\"https:\/\/doi.org\/10.1093\/bioinformatics\/btp715\" target=\"_blank\" rel=\"nofollow noopener noreferrer\">https:\/\/doi.org\/10.1093\/bioinformatics\/btp715<\/a><\/li>\n<li>Diep, M. H., Vignes-Lebbe, R., Nguyen H. P. et Nguyen Thi B. L. (2010).\u00a0 Indochinese bamboos: biodiversity informatics to assist the identification of vernacular taxa. In P. L. Nimis &amp; R. Vignes-Lebbe (eds.),<i>\u00a0Tools for identifying biodiversity: Progress and problems<\/i>\u00a0(pp. 213-216). Trieste: Edizioni Universit\u00e0di Trieste.<\/li>\n<li>Zarag\u00fceta-Bagils, R., Bourdon, E., Ung, V., Vignes-Lebbe, R., &amp; Mal\u00e9cot, V. (2009). On the International Code of Area Nomenclature.\u00a0<i>Journal of Biogeography<\/i>,\u00a0<i>38<\/i>(8), 1617\u20131619.\u00a0<a href=\"https:\/\/doi.org\/10.1111\/j.1365-2699.2009.02106.x\" target=\"_blank\" rel=\"nofollow noopener noreferrer\">https:\/\/doi.org\/10.1111\/j.1365-2699.2009.02106.x<\/a><\/li>\n<li>Khalloufi, B., Zarag\u00fceta Bagils, R., &amp; Leli\u00e8vre, H. (2010).\u00a0<i>Rhombichthys intoccabilis<\/i>, gen. et sp. nov. (Ellimmichthyiformes, Clupeomorpha, Teleostei) from the Cenomanian (Upper Cretaceous) of Ein Yabrud, Middle East. Anatomical description and phylogenetic implications.\u00a0<i>Journal of Vertebrate Paleontology, 30<\/i>(1), 57\u201367.\u00a0<a href=\"https:\/\/doi.org\/10.1080\/02724630903409089\" target=\"_blank\" rel=\"nofollow noopener noreferrer\">https:\/\/doi.org\/10.1080\/02724630903409089<\/a><\/li>\n<li>Cao, N., Bourdon, E., El Azawi, M., &amp; Zarag\u00fceta-Bagils, R. (2009). Three-item analysis and parsimony, intersection tree and strict consensus: a biogeographical example.\u00a0<i>Bulletin de la Soci\u00e9t\u00e9 G\u00e9ologique de France, 180<\/i>(1), 13\u201315.\u00a0<a href=\"https:\/\/doi.org\/10.2113\/gssgfbull.180.1.13\" target=\"_blank\" rel=\"nofollow noopener noreferrer\">https:\/\/doi.org\/10.2113\/gssgfbull.180.1.13<\/a><\/li>\n<li>Morille, C. H., Dequaire, A., Hortault, G., P\u00e9quignot, A., &amp; Aragon, S. (2008). Un conservatoire de faune\u00a0: La collection zoologique de l\u2019Universit\u00e9 Pierre et Marie Curie (Paris VI). In P.-A. Girard (dir.),\u00a0<i>Actes des 2\u00e8me Journ\u00e9es Cu\u00e9not, Les collections scientifiques des universit\u00e9s\u00a0<\/i>(pp. 81-97). Nancy\u00a0: Presses universitaires de Nancy.<\/li>\n<li>Cao N., Le P\u00e9chon T., &amp; Zarag\u00fceta-Bagils R. (2008). Does minimizing homoplasy really maximize homology? MaHo: A method for evaluating homology among most parsimonious trees.\u00a0<i>Comptes Rendus Palevol, 7<\/i>(1), 17\u201326.\u00a0<a href=\"https:\/\/doi.org\/10.1016\/j.crpv.2007.12.008\" target=\"_blank\" rel=\"nofollow noopener noreferrer\">https:\/\/doi.org\/10.1016\/j.crpv.2007.12.008<\/a><\/li>\n<li>Leli\u00e8vre, H., Zarag\u00fceta-Bagils, R., &amp; Rouget, I. (2008). Temporal information, fossil record and phylogeny.\u00a0<i>Comptes Rendus Palevol, 7<\/i>(1), 27\u201336.\u00a0<a href=\"https:\/\/doi.org\/10.1016\/j.crpv.2007.12.007\" target=\"_blank\" rel=\"nofollow noopener noreferrer\">https:\/\/doi.org\/10.1016\/j.crpv.2007.12.007<\/a><\/li>\n<li>Zarag\u00fceta-Bagils, R., &amp; Bourdon, E., (2007). Three-item analysis: Hierarchical representation and treatment of missing and inapplicable data.\u00a0<i>Comptes Rendus Palevol,<\/i>\u00a0<i>6<\/i>(6-7), 527\u2013534.\u00a0<a href=\"https:\/\/doi.org\/10.1016\/j.crpv.2007.09.013\" target=\"_blank\" rel=\"nofollow noopener noreferrer\">https:\/\/doi.org\/10.1016\/j.crpv.2007.09.013<\/a><\/li>\n<li>Cao, N., Zarag\u00fceta-Bagils, R., &amp; Vignes-Lebbe, R. (2007). Hierarchical representation of the hypotheses of homology.\u00a0<i>Geodiversitas, 29<\/i>(1), 5\u201315.<\/li>\n<li>Jacques, F. M. B., Gallut, C., Vignes-Lebbe, R., &amp; Zarag\u00fceta-Bagils, R. (2007). Resolving phylogenetic reconstruction in Menispermaceae (Ranunculales) using fossils and a novel statistical test.\u00a0<i>Taxon, 56<\/i>(2), 379\u2013392.\u00a0<a href=\"https:\/\/doi.org\/10.1002\/tax.562010\" target=\"_blank\" rel=\"nofollow noopener noreferrer\">https:\/\/doi.org\/10.1002\/tax.562010<\/a><\/li>\n<li>Zarag\u00fceta-Bagils, R., Bourdon, E., Rouget, I &amp; Leli\u00e8vre, H. (2006). Arbres phylog\u00e9n\u00e9tiques et chronologie.\u00a0<i>G\u00e9ochronique, 98<\/i>, 44\u201345.<\/li>\n<li>Zarag\u00fceta-Bagils, R., Leli\u00e8vre, H., &amp; Tassy, P. (2004). Temporal paralogy, cladograms, and the quality of the fossil record.\u00a0<i>Geodiversitas<\/i>,\u00a0<i>26<\/i>(3), 381\u2013389.<\/li>\n<li>Vignes-Lebbe, R. (2000). Caract\u00e8re pour le biologiste, caract\u00e8re pour l&rsquo;informaticien. In V. Barriel &amp; T. Bourgoin (eds). Biosystema 18\u00a0:\u00a0<i>Caract\u00e8res\u00a0<\/i>(61-70). Paris : Soci\u00e9t\u00e9 Fran\u00e7aise de Syst\u00e9matique.<\/li>\n<li>Vignes-Lebbe, R., Rechenmann, F., Gautier, C., &amp; Tillier, S. (2000). Informatique et Syst\u00e9matique. In S. Tillier (ed.),\u00a0<i>Syst\u00e9matique : ordonner la diversit\u00e9 du vivant\u00a0<\/i>(pp. 132\u2013143)<i>.<\/i>\u00a0Cachan\u00a0: Lavoisier, Tec &amp; Doc.<\/li>\n<li>Lebbe, J. (1991).\u00a0<i>Repr\u00e9sentation des concepts en biologie et m\u00e9decine. Introduction \u00e0 l&rsquo;analyse des connaissances et \u00e0 l&rsquo;identification assist\u00e9e par ordinateur<\/i>\u00a0[Th\u00e8se de doctorat Paris\u00a0: Universit\u00e9 Pierre et Marie Curie]. 281 pp.<\/li>\n<li>Lebbe, J., &amp; Vignes, R. (1991). G\u00e9n\u00e9ration de graphes d&rsquo;identification \u00e0 partir de descriptions de concepts. In Y. Kodratoff et E. Diday (eds.),\u00a0<i>Induction Symbolique et Num\u00e9rique\u00a0<\/i>(pp. 193\u2013239). Toulouse\u00a0: C\u00e9padu\u00e8s.<\/li>\n<li>Vignes, R. (1991).\u00a0<i>Caract\u00e9risation automatique de groupes biologiques<\/i>\u00a0[Th\u00e8se de doctorat\u00a0; Paris\u00a0: Universit\u00e9 Pierre et Marie Curie]. 268 pp.<\/li>\n<\/ul>\n<p><!-- A voir par la suite:\n\n       [ <a href=\".\/lis-bib.html#sauve.ea:2001\">bib<\/a> | <a href=\n        \"http:\/\/lis.snv.jussieu.fr\/~sauvenay\/sfc2001\/sfc2001.html\">.html<\/a>\n        | <a href=\n        \"http:\/\/lis.snv.jussieu.fr\/~sauvenay\/sfc2001\/docs\/sfc2001.ps\">.ps<\/a>\n        | <a href=\n        \"http:\/\/lis.snv.jussieu.fr\/~sauvenay\/sfc2001\/docs\/sfc2001.pdf\">.pdf<\/a>\n        ]\n\n\n<blockquote><font size=\"-1\"> <\/font><\/blockquote>\n\n\n--><\/p>\n","protected":false},"excerpt":{"rendered":"<p>Last papers Pignal, M., Laudereau, C., G\u00e2tebl\u00e9, G., &amp; Laudereau, P.-L. (2022).\u00a0Dendrobium petrophilum\u00a0(Kraenzl.) Garay ex N. Hall\u00e9, a well-named species describing its unusual chasmophytic ecology.\u00a0Adansonia, 44(1), 1\u20139.\u00a0https:\/\/doi.org\/10.5252\/adansonia2022v44a1. https:\/\/hal.sorbonne-universite.fr\/hal-03574302\/\u00a0 Saliba, E. M. (2022).\u00a0 Reflections on Pavlinov (2021): understanding and expanding the study of the history and philosophy of nomenclature, a comprehensive state of the art. Bionomina, [&hellip;]<\/p>\n","protected":false},"author":1,"featured_media":0,"parent":0,"menu_order":0,"comment_status":"closed","ping_status":"closed","template":"","meta":{"footnotes":""},"class_list":["post-64","page","type-page","status-publish","hentry"],"blocksy_meta":{"styles_descriptor":{"styles":{"desktop":"","tablet":"","mobile":""},"google_fonts":[],"version":6}},"_links":{"self":[{"href":"https:\/\/infosyslab.fr\/index.php\/wp-json\/wp\/v2\/pages\/64","targetHints":{"allow":["GET"]}}],"collection":[{"href":"https:\/\/infosyslab.fr\/index.php\/wp-json\/wp\/v2\/pages"}],"about":[{"href":"https:\/\/infosyslab.fr\/index.php\/wp-json\/wp\/v2\/types\/page"}],"author":[{"embeddable":true,"href":"https:\/\/infosyslab.fr\/index.php\/wp-json\/wp\/v2\/users\/1"}],"replies":[{"embeddable":true,"href":"https:\/\/infosyslab.fr\/index.php\/wp-json\/wp\/v2\/comments?post=64"}],"version-history":[{"count":7,"href":"https:\/\/infosyslab.fr\/index.php\/wp-json\/wp\/v2\/pages\/64\/revisions"}],"predecessor-version":[{"id":497,"href":"https:\/\/infosyslab.fr\/index.php\/wp-json\/wp\/v2\/pages\/64\/revisions\/497"}],"wp:attachment":[{"href":"https:\/\/infosyslab.fr\/index.php\/wp-json\/wp\/v2\/media?parent=64"}],"curies":[{"name":"wp","href":"https:\/\/api.w.org\/{rel}","templated":true}]}}