{"id":93,"date":"2012-06-25T15:19:35","date_gmt":"2012-06-25T13:19:35","guid":{"rendered":"http:\/\/localhost\/infosyslab-wp\/index.php\/cladogramme\/"},"modified":"2023-02-22T11:55:50","modified_gmt":"2023-02-22T10:55:50","slug":"cladogramme","status":"publish","type":"page","link":"https:\/\/infosyslab.fr\/index.php\/themes\/methodologie\/cladogramme\/","title":{"rendered":"Structure des cladogrammes"},"content":{"rendered":"<p>L\u2019information contenue dans les cladogrammes est analys\u00e9e de diff\u00e9rentes fa\u00e7ons, notamment par divers calculs du rapport homologie\/homoplasie. Dans ce cadre un traitement nouveau de l\u2019homoplasie est offert par le logiciel <a href=\"http:\/\/lis.snv.jussieu.fr\/apps\/noisesnapper\/\">NoiseSnapper<\/a> (Zaragueta et al. 2004). Ce <a href=\"http:\/\/lis.snv.jussieu.fr\/apps\/noisesnapper\/\">logiciel<\/a> est accessible en ligne.<br \/>\nIl s\u2019agit d\u2019identifier les caract\u00e8res homoplastiques se comportant de fa\u00e7on al\u00e9atoire par rapport \u00e0 une matrice donn\u00e9e, de telle sorte que la notion de \u00ab bruit \u00bb est r\u00e9serv\u00e9e \u00e0 ces derniers qui peuvent donc \u00eatre \u00e9limin\u00e9s. Une description et une application de NoiseSnapper est publi\u00e9e dans le cadre d\u2019une \u00e9tude de cas [plantes de la famille du curare (Jacques et al. 2007)].<\/p>\n<p>Le probl\u00e8me r\u00e9current des comparaisons entre approches hypoth\u00e9tico-d\u00e9ductives (ou, si l\u2019on pr\u00e9f\u00e8re, de contr\u00f4le\/r\u00e9futation) et approches de mod\u00e8le a donn\u00e9 lieu \u00e0 des publications dans des ouvrages collectifs issus de colloques (Debruyne &amp; Tassy 2004 ; Tassy 2005).<\/p>\n","protected":false},"excerpt":{"rendered":"<p>L\u2019information contenue dans les cladogrammes est analys\u00e9e de diff\u00e9rentes fa\u00e7ons, notamment par divers calculs du rapport homologie\/homoplasie. Dans ce cadre un traitement nouveau de l\u2019homoplasie est offert par le logiciel NoiseSnapper (Zaragueta et al. 2004). Ce logiciel est accessible en ligne. Il s\u2019agit d\u2019identifier les caract\u00e8res homoplastiques se comportant de fa\u00e7on al\u00e9atoire par rapport \u00e0 [&hellip;]<\/p>\n","protected":false},"author":1,"featured_media":0,"parent":78,"menu_order":2,"comment_status":"closed","ping_status":"closed","template":"","meta":{"footnotes":""},"class_list":["post-93","page","type-page","status-publish","hentry"],"blocksy_meta":{"styles_descriptor":{"styles":{"desktop":"","tablet":"","mobile":""},"google_fonts":[],"version":6}},"_links":{"self":[{"href":"https:\/\/infosyslab.fr\/index.php\/wp-json\/wp\/v2\/pages\/93","targetHints":{"allow":["GET"]}}],"collection":[{"href":"https:\/\/infosyslab.fr\/index.php\/wp-json\/wp\/v2\/pages"}],"about":[{"href":"https:\/\/infosyslab.fr\/index.php\/wp-json\/wp\/v2\/types\/page"}],"author":[{"embeddable":true,"href":"https:\/\/infosyslab.fr\/index.php\/wp-json\/wp\/v2\/users\/1"}],"replies":[{"embeddable":true,"href":"https:\/\/infosyslab.fr\/index.php\/wp-json\/wp\/v2\/comments?post=93"}],"version-history":[{"count":1,"href":"https:\/\/infosyslab.fr\/index.php\/wp-json\/wp\/v2\/pages\/93\/revisions"}],"predecessor-version":[{"id":582,"href":"https:\/\/infosyslab.fr\/index.php\/wp-json\/wp\/v2\/pages\/93\/revisions\/582"}],"up":[{"embeddable":true,"href":"https:\/\/infosyslab.fr\/index.php\/wp-json\/wp\/v2\/pages\/78"}],"wp:attachment":[{"href":"https:\/\/infosyslab.fr\/index.php\/wp-json\/wp\/v2\/media?parent=93"}],"curies":[{"name":"wp","href":"https:\/\/api.w.org\/{rel}","templated":true}]}}