{"id":95,"date":"2012-06-25T15:19:35","date_gmt":"2012-06-25T13:19:35","guid":{"rendered":"http:\/\/localhost\/infosyslab-wp\/index.php\/faq_install\/"},"modified":"2023-02-22T11:20:53","modified_gmt":"2023-02-22T10:20:53","slug":"faq_install","status":"publish","type":"page","link":"https:\/\/infosyslab.fr\/index.php\/ressources\/logiciels\/xper2\/faq_install\/","title":{"rendered":"Xper2 &#8211; Installation FAQ"},"content":{"rendered":"<p><!-- [<a href=\"http:\/\/lis.snv.jussieu.fr\/apps\/Xper&sup2;\/aide\/faq2.shtml\" title=\"To print\">Printable Version<\/a>] --><br \/>\n<!--?php\nrequire 'tools\/scripts\/displayblock.php';\n$block = module_invoke('block', 'block_view', 25);\nprint $block['content'];\n?--><\/p>\n<hr class=\"xper2\">\n<div class=\"xper2\">\n\t<a name=\"haut\"><\/p>\n<p><\/a><a name=\"haut\"><\/a><\/p>\n<ul><a name=\"haut\"><br \/>\n<\/a><\/p>\n<li><a name=\"haut\"><\/a><a class=\"xper2\" href=\"#avant\" title=\"Voir cette rubrique\">Avant de commencer<\/a>\n<ul>\n<li><a class=\"xper2\" href=\"#quoi\">Qu&rsquo;est-ce que le logiciel Xper\u00b2 ?<\/a><\/li>\n<li><a class=\"xper2\" href=\"#requis\">Quelle est la configuration n\u00e9cessaire pour utiliser Xper\u00b2 ?<\/a><\/li>\n<li><a class=\"xper2\" href=\"#ou\">O\u00f9 puis-je trouver le logiciel Xper\u00b2 ?<\/a><\/li>\n<li><a class=\"xper2\" href=\"#qui\">Qui d\u00e9veloppe le logiciel Xper\u00b2 ?<\/a><\/li>\n<li><a class=\"xper2\" href=\"#licence\">Quelles sont les conditions d&rsquo;utilisation du logiciel Xper\u00b2 ?<\/a><\/li>\n<\/ul>\n<\/li>\n<li><a class=\"xper2\" href=\"#windows\" title=\"Voir cette rubrique\">Windows<\/a>\n<ul>\n<li><a class=\"xper2\" href=\"#install_win\">Comment installer Xper\u00b2 sous Windows ?<\/a><\/li>\n<li><a class=\"xper2\" href=\"#uninstall_win\">Comment d\u00e9sinstaller Xper\u00b2 sous Windows ?<\/a><\/li>\n<li><a class=\"xper2\" href=\"#launch_win\">Comment lancer Xper\u00b2 sous Windows ?<\/a><\/li>\n<li><a class=\"xper2\" href=\"#commandes\">Comment ouvir une invite de commandes MS-DOS ?<\/a><\/li>\n<\/ul>\n<\/li>\n<li><a class=\"xper2\" href=\"#linux\" title=\"Voir cette rubrique\">Linux<\/a>\n<ul>\n<li><a class=\"xper2\" href=\"#install_linux\">Comment installer Xper\u00b2 sous Linux ?<\/a><\/li>\n<li><a class=\"xper2\" href=\"#uninstall_linux\">Comment d\u00e9sinstaller Xper\u00b2 sous Linux ?<\/a><\/li>\n<li><a class=\"xper2\" href=\"#launch_linux\">Comment lancer Xper\u00b2 sous Linux ?<\/a><\/li>\n<\/ul>\n<\/li>\n<li><a class=\"xper2\" href=\"#mac\" title=\"Voir cette rubrique\">Mac OS<\/a>\n<ul>\n<li><a class=\"xper2\" href=\"#install_mac\">Comment installer Xper\u00b2 sous Mac OS ?<\/a><\/li>\n<li><a class=\"xper2\" href=\"#unsintall_mac\">Comment d\u00e9sinstaller Xper\u00b2 sous Mac OS ?<\/a><\/li>\n<li><a class=\"xper2\" href=\"#launch_mac\">Comment lancer Xper\u00b2 sous Mac OS ?<\/a><\/li>\n<\/ul>\n<\/li>\n<li><a class=\"xper2\" href=\"#depannage\" title=\"See this heading\">D\u00e9pannage global<\/a>\n<ul>\n<li><a class=\"xper2\" href=\"#JRE_download\">O\u00f9 trouver une JRE ?<\/a><\/li>\n<li><a class=\"xper2\" href=\"#JRE_req\">Quelle est la version de la JRE requise pour Xper\u00b2 ?<\/a><\/li>\n<li><a class=\"xper2\" href=\"#JRE_test\">Comment v\u00e9rifier la pr\u00e9sence d&rsquo;une JRE sur mon ordinateur ?<\/a><\/li>\n<li><a class=\"xper2\" href=\"#JRE_version\">Comment conna\u00eetre la version de la JRE install\u00e9e sur mon ordinateur ?<\/a><\/li>\n<li><a class=\"xper2\" href=\"#JAVA_HOME\">Comment consulter la valeur de la variable d&rsquo;environnement JAVA_HOME ?<\/a><\/li>\n<li><a class=\"xper2\" href=\"#CLASSPATH\">Comment consulter la valeur de la variable d&rsquo;environnement CLASSPATH ?<\/a><\/li>\n<li><a class=\"xper2\" href=\"#open\">Que faire si rien ne s&rsquo;ouvre quand je lance Xper\u00b2 ?<\/a><\/li>\n<li><a class=\"xper2\" href=\"#JDK\">Que faire si un message d&rsquo;erreur du type \u00ab Could not find a JDK&#8230; \u00bb appara\u00eet au d\u00e9marrage de Xper\u00b2 ?<\/a><\/li>\n<li><a class=\"xper2\" href=\"#open2\">Que faire si Xper\u00b2 ne d\u00e9marre toujours pas ?<\/a><\/li>\n<li><a class=\"xper2\" href=\"#close\">Que faire si Xper\u00b2 plante \u00e0 la fermeture ?<\/a><\/li>\n<li><a class=\"xper2\" href=\"#bug\">Que faire si je rencontre un bug ?<\/a><\/li>\n<\/ul>\n<\/li>\n<li><a class=\"xper2\" href=\"#applet\" title=\"See this heading\">Identification en ligne : cr\u00e9ez votre Applet<\/a><\/li>\n<li><a class=\"xper2\" href=\"#glossaire\" title=\"See this heading\">Glossary<\/a>\n<ul>\n<li><a class=\"xper2\" href=\"#FAQ\">FAQ<\/a><\/li>\n<li><a class=\"xper2\" href=\"#GPL\">LPG<\/a><\/li>\n<li><a class=\"xper2\" href=\"#IAO\">IAO<\/a><\/li>\n<li><a class=\"xper2\" href=\"#JRE\">JRE<\/a><\/li>\n<li><a class=\"xper2\" href=\"#LGPL\">LGPL<\/a><\/li>\n<\/ul>\n<\/li>\n<\/ul>\n<hr>\n<div class=\"section\">\n<p>\t<a name=\"avant\"><\/a><\/p>\n<h2 class=\"titreFAQ\">Avant de commencer<\/h2>\n<p><a name=\"quoi\"><\/a><\/p>\n<h3 class=\"soustitreFAQ\">Qu&rsquo;est-ce que le logiciel Xper\u00b2 ?<\/h3>\n<p>Xper\u00b2 est un outil de gestion de bases de connaissances permettant \u00e0 la fois la cr\u00e9ation, l&rsquo;\u00e9dition (ajout, modification, suppression) de connaissances descriptives,<br \/>\net leur utilisation dans le but de faire de l&rsquo;identification ou du diagnostic assist\u00e9 par ordinateur.<br \/>\nLes domaines d&rsquo;application d&rsquo;un tel logiciel sont multiples. Xper\u00b2 est pour l&rsquo;instant principalement utilis\u00e9 dans les sciences du vivant : botanique, entomologie, &#8230;<\/p>\n<p><a name=\"requis\"><\/a><\/p>\n<h3 class=\"soustitreFAQ\">Quelle est la configuration n\u00e9cessaire pour utiliser Xper\u00b2 ?<\/h3>\n<table summary=\"Configuration requise\" cellspacing=\"0\" cellpadding=\"0\" border=\"0\">\n<thead>\n<tr align=\"center\">\n<th align=\"center\"><\/th>\n<th align=\"center\">Minimal<\/th>\n<th align=\"center\">Recommand\u00e9<\/th>\n<\/tr>\n<\/thead>\n<tbody>\n<tr align=\"center\">\n<td align=\"left\">Processeur<\/td>\n<td>500 MHz<\/td>\n<td>&gt; 1 GHz<\/td>\n<\/tr>\n<tr align=\"center\">\n<td align=\"left\">M\u00e9moire (RAM)<\/td>\n<td>256 Mo<\/td>\n<td>&gt; 1 Go<\/td>\n<\/tr>\n<tr align=\"center\">\n<td align=\"left\">Espace libre<\/td>\n<td>20 Mo<\/td>\n<td>100 Mo<\/td>\n<\/tr>\n<tr align=\"center\">\n<td align=\"left\">Connexion Internet&nbsp;<\/td>\n<td>modem 56K<\/td>\n<td>ADSL<\/td>\n<\/tr>\n<tr align=\"center\">\n<td align=\"left\"><a class=\"xper2\" href=\"#JRE\">JRE<\/a><\/td>\n<td>1.5<\/td>\n<td>1.6<\/td>\n<\/tr>\n<\/tbody>\n<\/table>\n<p>Xper\u00b2 est d\u00e9velopp\u00e9 en Java, et n\u00e9cessite donc la pr\u00e9sence d&rsquo;une machine virtuelle Java pour fonctionner.<br \/>\n(cf.<a href=\"#JRE_test\">Comment v\u00e9rifier la pr\u00e9sence d&rsquo;une machine virtuelle Java sur mon ordinateur ?<\/a>)<\/p>\n<p><a name=\"ou\"><\/a><\/p>\n<h3 class=\"soustitreFAQ\">O\u00f9 puis-je trouver le logiciel Xper\u00b2 ?<\/h3>\n<p>Le logiciel Xper\u00b2 est librement t\u00e9l\u00e9chargeable sur le site du Laboratoire d&rsquo;Informatique et Syst\u00e9matique \u00e0 l&rsquo;adresse suivante:<br \/>\n<span style=\"text-decoration: underline;\"><\/span><a class=\"xper2\" href=\"?q=ressources\/logiciels\/iao\/xper2\/telechargements\/derversion\">http:\/\/www.infosyslab.fr\/lis\/?q=ressources\/logiciels\/iao\/xper2\/telechargements\/derversion<\/a><\/p>\n<p>Vous y trouverez deux versions:<\/p>\n<p>&#8211; <b>Xper\u00b2<\/b>: la version compl\u00e8te<\/p>\n<p>&#8211; <b>Xper\u00b2-Identification<\/b>: le module d&rsquo;Identification Assist\u00e9e par Ordinateur uniquement<\/p>\n<p>Xper\u00b2 est disponible pour les syst\u00e8mes d&rsquo;exploitation suivants : Windows XP\/Vista\/7, Linux, et Mac OS X.<\/p>\n<p><a name=\"qui\"><\/a><\/p>\n<h3 class=\"soustitreFAQ\">Qui d\u00e9veloppe le logiciel Xper\u00b2 ?<\/h3>\n<p>Le logiciel Xper\u00b2 est d\u00e9velopp\u00e9 par le <b>L<\/b>aboratoire d&rsquo;<b>I<\/b>nformatique et <b>S<\/b>yst\u00e9matique (<a href=\"http:\/\/lis.snv.jussieu.fr\">LIS<\/a>).<br \/>\nXper\u00b2 est une adaptation Java du logiciel XPER d\u00e9velopp\u00e9 par Jacques LEBBE et R\u00e9gine VIGNES dans les ann\u00e9es 1980.<\/p>\n<dl>\n<dt>L&rsquo;\u00e9quipe Xper\u00b2 actuelle:<\/dt>\n<dd>&#8211; Florian Causse (<a class=\"xper2\" href=\"mailto:florian.causse@upmc.fr\">florian.causse@upmc.fr<\/a>): d\u00e9veloppeur<\/dd>\n<dd>&#8211; R\u00e9gine VIGNES-LEBBE (<a class=\"xper2\" href=\"mailto:regine.vignes_lebbe@upmc.fr\">regine.vignes_lebbe@upmc.fr<\/a>): coordinateur<\/dd>\n<dd>&#8211; Visotheary Rivi\u00e8re-Ung (<a class=\"xper2\" href=\"mailto:visotheary.riviere_ung@upmc.fr\">visotheary.riviere_ung@upmc.fr<\/a>): charg\u00e9e de communication<\/dd>\n<\/dl>\n<p><a name=\"licence\"><\/a><\/p>\n<h3 class=\"soustitreFAQ\">Quelles sont les conditions d&rsquo;utilisation du logiciel Xper\u00b2 ?<\/h3>\n<p>Xper\u00b2 est un logiciel gratuit sous licence Creative commons.<\/p>\n<p>Cela signifie que vous pouvez utiliser le logiciel Xper2, mais pas le modifier, reproduire ou distribuer sans en demander l&rsquo;aval aupr\u00e8s de ses cr\u00e9ateurs.<br \/>\nPour plus d&rsquo;informations, vous pouvez consulter le site officiel <a href=\"http:\/\/creativecommons.org\/licenses\/by-nc-sa\/2.0\/fr\/legalcode\">creativecommons.org<\/a>.<\/p>\n<\/div>\n<p class=\"top\"><a href=\"#haut\">^Haut de page^<\/a><\/p>\n<hr>\n<div class=\"section\">\n<p>\t<a name=\"windows\"><\/a><\/p>\n<h2 class=\"titreFAQ\">Windows<\/h2>\n<p><a name=\"install_win\"><\/a><\/p>\n<h3 class=\"soustitreFAQ\">Comment installer Xper\u00b2 sous Windows ?<\/h3>\n<p>Double-cliquez sur l&rsquo;ex\u00e9cutable \u00ab Xper\u00b2_setup.exe \u00bb qui lancera automatiquement le processus d&rsquo;installation.<br \/>\nLaissez vous guider par les instructions. Par d\u00e9faut le programme Xper\u00b2 sera install\u00e9 dans le r\u00e9pertoire \u00ab C:\\Program Files\\Xper\u00b2\\ \u00bb.<br \/>\nSi vous poss\u00e9dez la version de Xper\u00b2 avec Java, l&rsquo;installation de Java se lancera automatiquement \u00e0 la suite de celle de Xper\u00b2.<\/p>\n<p><a name=\"uninstall_win\"><\/a><\/p>\n<h3 class=\"soustitreFAQ\">Comment d\u00e9sinstaller Xper\u00b2 sous Windows ?<\/h3>\n<p>Double-cliquez sur l&rsquo;ex\u00e9cutable \u00ab Xper\u00b2_uninstall.exe \u00bb qui lancera automatiquement le processus de d\u00e9sinstallation. Vous trouverez ce raccourci dans le menu \u00ab D\u00e9marrer \\ Xper\u00b2 \u00bb,<br \/>\nou bien dans le \u00ab Panneau de configuration \\ Ajout-Suppression de programmes \u00bb de Windows.<\/p>\n<p><a name=\"launch_win\"><\/a><\/p>\n<h3 class=\"soustitreFAQ\">Comment lancer Xper\u00b2 sous Windows ?<\/h3>\n<p>Double-cliquez sur le raccourci \u00ab Xper\u00b2 \u00bb pr\u00e9sent :<br \/>\n&#8211; Soit sur le bureau,<br \/>\n&#8211; Soit dans la barre d&rsquo;action rapide,<br \/>\n&#8211; Soit dans le menu \u00ab D\u00e9marrer \\ Xper\u00b2 \u00bb<br \/>\n&#8211; Soit directement dans le r\u00e9pertoire d&rsquo;installation du logiciel<\/p>\n<p><a name=\"commandes\"><\/a><\/p>\n<h3 class=\"soustitreFAQ\">Comment ouvrir une invite de commandes MS-DOS ?<\/h3>\n<p>Vous avez deux possibilit\u00e9s :<br \/>\n&#8211; Soit vous tapez la commande \u00ab cmd \u00bb dans la fen\u00eatre \u00ab Ex\u00e9cuter une commande&#8230; \u00bb du menu \u00ab D\u00e9marrer \u00bb<br \/>\n&#8211; Soit vous cliquez sur \u00ab Commandes MS-DOS \u00bb dans le menu \u00ab D\u00e9marrer \\ Accessoires \u00bb<\/p>\n<\/div>\n<p class=\"top\"><a href=\"#haut\">^Haut de page^<\/a><\/p>\n<hr>\n<div class=\"section\">\n<p>\t<a name=\"linux\"><\/a><\/p>\n<h2 class=\"titreFAQ\">Linux<\/h2>\n<p><a name=\"install_linux\"><\/a><\/p>\n<h3 class=\"soustitreFAQ\">Comment installer Xper\u00b2 sous Linux ?<\/h3>\n<p>Une fois l&rsquo;archive \u00ab jar \u00bb t\u00e9l\u00e9charg\u00e9e, copiez la dans le r\u00e9pertoire de votre choix.<\/p>\n<p><a name=\"uninstall_linux\"><\/a><\/p>\n<h3 class=\"soustitreFAQ\">Comment d\u00e9sinstaller Xper\u00b2 sous Linux ?<\/h3>\n<p>Il n&rsquo;y a pas de d\u00e9sintallation automatique sous Linux. Il suffit de supprimer le r\u00e9pertoire Xper\u00b2, \u00e0 l&rsquo;aide de la commande \u00ab rm -rf Xper\u00b2 \u00bb par exemple.<br \/>\nFaites attention \u00e0 ne pas supprimer vos bases de connaissances !<\/p>\n<p><a name=\"launch_linux\"><\/a><\/p>\n<h3 class=\"soustitreFAQ\">Comment lancer Xper\u00b2 sous Linux ?<\/h3>\n<p>Pour lancer Xper\u00b2, il suffit de lancer la commande \u00ab java \u2212jar xper2\u2212Editor\u22122.x.x.jar \u00bb \u00e0 l&#8217;emplacement dudit fichier.<\/p>\n<\/div>\n<p class=\"top\"><a href=\"#haut\">^Haut de page^<\/a><\/p>\n<hr>\n<div class=\"section\">\n<p>\t<a name=\"mac\"><\/a><\/p>\n<h2 class=\"titreFAQ\">MacOS<\/h2>\n<p><a name=\"install_mac\"><\/a><\/p>\n<h3 class=\"soustitreFAQ\">Comment installer Xper\u00b2 sous Mac OS ?<\/h3>\n<p>Une fois l&rsquo;archive \u00ab zip \u00bb t\u00e9l\u00e9charg\u00e9e et d\u00e9compress\u00e9e, placez le dossier \u00ab Xper\u00b2 \u00bb dans le r\u00e9pertoire de votre choix.<\/p>\n<p><a name=\"uninstall_mac\"><\/a><\/p>\n<h3 class=\"soustitreFAQ\">Comment d\u00e9sinstaller Xper\u00b2 sous Mac OS ?<\/h3>\n<p>Il n&rsquo;y a pas de d\u00e9sintallation automatique sous Mac OS. Il suffit de supprimer enti\u00e8rement le r\u00e9pertoire Xper\u00b2 :<br \/>\n&#8211; Dans une console tapez la commande \u00ab rm -rf Xper\u00b2 \u00bb par exemple.<br \/>\n&#8211; A partir d&rsquo;un clic droit sur le dossier \u00ab Placer dans la corbeille \u00bb<br \/>\nFaites attention de ne pas supprimer vos bases de connaissances !<\/p>\n<p><a name=\"launch_mac\"><\/a><\/p>\n<h3 class=\"soustitreFAQ\">Comment lancer Xper\u00b2 sous Mac OS ?<\/h3>\n<p>Pour lancer le logiciel Xper\u00b2, cliquez sur l&rsquo;application \u00ab Xper\u00b2 \u00bb ou tapez la commande \u00ab Xper\u00b2 \u00bb en mode console.<\/p>\n<\/div>\n<p class=\"top\"><a href=\"#haut\">^Haut de page^<\/a><\/p>\n<hr>\n<div class=\"section\">\n<p>\t<a name=\"depannage\"><\/a><\/p>\n<h2 class=\"titreFAQ\">D\u00e9pannage global<\/h2>\n<p><a name=\"JRE_download\"><\/a><\/p>\n<h3 class=\"soustitreFAQ\">O\u00f9 trouver une JRE ?<\/h3>\n<p>Vous pouvez la trouver en libre t\u00e9l\u00e9chargement sur le site offciel de Java <a href=\"http:\/\/java.com\/en\/\">java.sun<\/a> ou bien en fran\u00e7ais sur le site <a href=\"http:\/\/www.java.com\/fr\">java.com\/fr<\/a>.<\/p>\n<p>S\u00e9lectionnez la section J2SE 6.0, puis le fichier JRE 6.0. Choisissez ensuite votre plateforme et validez les termes de la licence.<\/p>\n<p>Pour Windows, une autre possibilit\u00e9 est de t\u00e9l\u00e9charger le logiciel Xper\u00b2 avec l&rsquo;installation de Java int\u00e9gr\u00e9e.<\/p>\n<p><a name=\"JRE_req\"><\/a><\/p>\n<h3 class=\"soustitreFAQ\">Quelle est la version de la JRE requise pour Xper\u00b2 ?<\/h3>\n<p>La machine virtuelle Java (JRE) doit \u00eatre la 1.5 (5.0) ou version sup\u00e9rieur.<\/p>\n<p><a name=\"JRE_test\"><\/a><\/p>\n<h3 class=\"soustitreFAQ\">Comment v\u00e9rifier la pr\u00e9sence d&rsquo;une JRE sur mon ordinateur ?<\/h3>\n<p>Sous Windows, ouvrez une invite de commandes MS-DOS (cf.<a href=\"#commandes\">Comment ouvrir une invite de commandes MS-DOS ?<\/a>)<br \/>\nSous Linux et Mac OS, ouvrez une console ou terminal.<\/p>\n<p>Ensuite tapez la commande \u00ab java \u00bb. Si une JRE est install\u00e9e sur votre ordinateur, vous aurez un message du type :<\/p>\n<pre class=\"code\">$java \n\t\tUse:java [- options] class [args\u2026]\n\t\t(to run a class)\n\t\tor java [- options] -jar jarfile [args\u2026]\n\t\t(to run a jar file)\n<\/pre>\n<p>Sinon, vous aurez un message indiquant que la commande est introuvable ou incorrecte:<\/p>\n<pre class=\"code\">$java \n\t\tbash: java:command not found \n<\/pre>\n<h3 class=\"soustitreFAQ\"><a name=\"JRE_version\"><\/a><\/h3>\n<h3 class=\"soustitreFAQ\">Comment conna\u00eetre la version de la JRE install\u00e9e sur mon ordinateur ?<\/h3>\n<p>Sous Windows, ouvrez une invite de commandes MS-DOS (cf.<a href=\"#commandes\">Comment ouvrir une invite de commandes MS-DOS ?<\/a>)<\/p>\n<p>Sous Linux et Mac OS, ouvrez une console ou terminal.<br \/>\nEnsuite tapez la commande \u00ab java -version \u00bb. Si une JRE est install\u00e9e sur votre ordinateur, vous aurez un message indiquant le num\u00e9ro de version de la JRE utilis\u00e9e :<\/p>\n<pre class=\"code\">$ java -version\njava version \u201c1.6.0_02\u201d Java (TM) 2 Runtime Environment,\nStandard Edition (build 1.6.0_02-b09) \nJava HotSpot (TM) Customer VM (build 1.6.0_02-b09, mixed mode, sharing)<\/pre>\n<p>Sinon, vous aurez un message indiquant que la commande est introuvable ou incorrecte :<\/p>\n<pre class=\"code\">$ java -version \n\t\tbash: java: command not found \n<\/pre>\n<h3 class=\"soustitreFAQ\"><a name=\"JAVA_HOME\"><\/a><\/h3>\n<h3 class=\"soustitreFAQ\">Comment consulter la valeur de la variable d&rsquo;environnement JAVA_HOME ?<\/h3>\n<p>Sous Windows, ouvrez une invite de commandes MS-DOS (cf.<a href=\"#commandes\">Comment ouvrir une invite de commandes MS-DOS ?<\/a>)<br \/>\nSous Linux et Mac OS, ouvrez une console ou terminal.<br \/>\nEnsuite tapez la commande \u00ab echo $JAVA_HOME \u00bb :<\/p>\n<pre class=\"code\">$echo $JAVA_HOME \n\t\t\/home\/user_name\/dev\/jdk1.6.0_02 \n<\/pre>\n<p><a name=\"CLASSPATH\"><br \/>\n<\/a><\/p>\n<h3 class=\"soustitreFAQ\">Comment consulter la valeur de la variable d&rsquo;environnement CLASSPATH ?<\/h3>\n<h3 class=\"soustitreFAQ\"><a name=\"CLASSPATH\"><\/a><\/h3>\n<p>Sous Windows, ouvrez une invite de commandes MS-DOS (cf.<a href=\"#commandes\">Comment ouvrir une invite de commandes MS-DOS ?<\/a>)<\/p>\n<p>Sous Linux et Mac OS, ouvrez une console ou terminal.<br \/>\nEnsuite tapez la commande \u00ab echo $CLASSPATH \u00bb :<\/p>\n<pre class=\"code\">$ echo CLASSPATH \/home\/user_name\/dev\/jdk1.6.0_02\/lib:. \n<\/pre>\n<p><a name=\"open\"><br \/>\n<\/a><\/p>\n<h3 class=\"soustitreFAQ\">Que faire si rien ne s&rsquo;ouvre quand je lance Xper\u00b2 ?<\/h3>\n<h3 class=\"soustitreFAQ\"><a name=\"open\"><\/a><\/h3>\n<p>Apr\u00e8s avoir lanc\u00e9 le programme, il faut patienter quelques instants.<br \/>\nSelon la configuration de votre ordinateur, le d\u00e9marrage de Xper\u00b2 peut \u00eatre plus ou moins long.<br \/>\n(cf.<a href=\"#requis\">Quelle est la configuration minimale pour Xper\u00b2 ?<\/a>)<br \/>\nSi rien ne s&rsquo;affiche, retentez l&rsquo;op\u00e9ration. D&rsquo;autre part pensez \u00e0 v\u00e9rifier si le programme -ou le processus) Xper\u00b2 est actif.<\/p>\n<p><a name=\"JDK\"><\/a><\/p>\n<h3 class=\"soustitreFAQ\">Que faire si un message d&rsquo;erreur du type \u00ab Could not find a JDK&#8230; \u00bb appara\u00eet au d\u00e9marrage de Xper\u00b2 ?<\/h3>\n<p>Ce message signifie qu&rsquo;il n&rsquo;y a aucune JRE compatible install\u00e9e sur votre ordinateur.<\/p>\n<p>Pour r\u00e9soudre le probl\u00e8me, il y a quatre v\u00e9rifications \u00e0 faire :<\/p>\n<ol>\n<li>Assurez vous d&rsquo;une part que votre machine poss\u00e8de bien une machine virtuelle Java (JRE).\t (cf.<a href=\"#JRE_test\">Comment v\u00e9rifier la pr\u00e9sence d&rsquo;une JRE sur mon ordinateur ?<\/a>)<\/li>\n<li>D&rsquo;autre part assurez vous que la JRE install\u00e9e soit compatible.\t (cf.<a href=\"#JRE_version\">Comment conna\u00eetre la version de la JRE install\u00e9e sur mon ordinateur ?<\/a>)<\/li>\n<li>V\u00e9rifiez que la variable d&rsquo;environnement JAVA_HOME existe et que la valeur associ\u00e9e correpond au chemin (PATH) vers le r\u00e9pertoire de Java 1.6.\t (cf.<a href=\"#JAVA_HOME\">Comment consulter la valeur de la variable d&rsquo;environnement JAVA_HOME ?<\/a>)<\/li>\n<li>V\u00e9rifiez que la variable d&rsquo;environnement CLASSPATH existe et que la valeur associ\u00e9e correpond au chemin (PATH) vers le r\u00e9pertoire \u00ab bin \u00bb de Java 1.6.\t(cf.<a href=\"#CLASSPATH\">Comment consulter la valeur de la variable d&rsquo;environnement CLASSPATH ?<\/a>)<\/li>\n<\/ol>\n<p><a name=\"open2\"><\/a><\/p>\n<h3 class=\"soustitreFAQ\">Que faire si Xper\u00b2 ne d\u00e9marre toujours pas ?<\/h3>\n<p>Dans un premier temps assurez vous d&rsquo;avoir correctement suivi les indications pr\u00e9sentes dans cette FAQ.<br \/>\nSi vous ne parvenez toujours pas \u00e0 lancer Xper\u00b2, contactez-nous et expliquez-nous votre probl\u00e8me.<br \/>\n(cf.<a href=\"#bug\">Que faire si je rencontre un bug ?<\/a>)<\/p>\n<p><a name=\"close\"><\/a><\/p>\n<h3 class=\"soustitreFAQ\">Que faire si Xper\u00b2 plante \u00e0 la fermeture ?<\/h3>\n<p>A priori le probl\u00e8me vient de la machine virtuelle Java qui a plant\u00e9, ou de l&rsquo;ex\u00e9cutable Windows.<br \/>\nNormalement le fait de red\u00e9marrer votre ordinateur et de relancer le programme Xper\u00b2 suffit.<br \/>\nNotez tout de m\u00eame le message d&rsquo;erreur que vous rencontrez et regardez si le bug est connu.<br \/>\n(cf.<a href=\"#bug\">Que faire si je rencontre un bug ?<\/a>)<\/p>\n<p><a name=\"bug\"><\/a><\/p>\n<h3 class=\"soustitreFAQ\">Que faire si je rencontre un bug ?<\/h3>\n<p>Rapportez nous le bug par email \u00e0 l&rsquo;adresse <a href=\"mailto:xper@listes.upmc.fr?subject=Rapport%20de%20bugs\">xper@listes.upmc.fr<\/a>.<br \/>\nD\u00e9taillez dans votre email au maximum le type et le contexte de l&rsquo;erreur survenue, et surtout pr\u00e9cisez votre environnement de travail (Windows, Linux, Mac). Dans l&rsquo;id\u00e9al joignez \u00e0 votre email une capture d&rsquo;\u00e9cran de l&rsquo;erreur.<\/p>\n<\/div>\n<p class=\"top\"><a href=\"#haut\">^Haut de page^<\/a><\/p>\n<hr>\n<div class=\"section\">\n<a name=\"applet\"><\/a><\/p>\n<h3>Identification en ligne : cr\u00e9ez votre Applet<\/h3>\n<p>Pour permettre l&rsquo;utilisation du module identification en ligne, il vous suffit de recopier le code suivant dans un fichier html.<\/p>\n<pre>&lt;html&gt;\n&lt;head&gt;\n&lt;title&gt;&lt;\/title&gt;\n&lt;head&gt;\n&lt;body&gt;\n&lt;applet codebase=\".\" \n    code=\"fr_jussieu_snv_lis.XPIdApplet\" \n    archive=\"http:\/\/lis-upmc.snv.jussieu.fr\/lis\/ressources\/xper2\/online\/Xper2-Applet.jar,\n    http:\/\/lis-upmc.snv.jussieu.fr\/lis\/ressources\/xper2\/online\/xercesImpl.jar\" \n    width=\"100%\" \n    height=\"100%\"&gt;\n<!--&lt;param name=\"basesDirectoryURL\" value=\"http:\/\/lis.snv.jussieu.fr\/apps\/xper\/data\/\"\/&gt;-->\n&lt;param name=\"nbBase\" value=\"1\"\/&gt;\n&lt;param name=\"base1\" value=\"http:\/\/myServer\/myXPDfileName;title;xper2\"\/&gt;\n&lt;param name=\"viewxperURL\" value=\"http:\/\/lis.snv.jussieu.fr\/cgi-bin\/viewxper.cgi\"\/&gt;\n<!--&lt;param name=\"paramBase\" value=\"base\"\/&gt;\n&lt;param name=\"paramTaxon\" value=\"taxon\"\/&gt;-->\n&lt;param name=\"makeyURL\" value=\"http:\/\/baron.snv.jussieu.fr\/cgi-bin\/david\/HPS\"\/&gt; \nYour browser is completely ignoring the APPLET tag!\n&lt;\/applet&gt;\n&lt;\/body&gt;\n&lt;\/html&gt;\n<\/pre>\n<p>Le fichier &lsquo;Xper2-Applet.jar&rsquo; correspond au module d\u00a0\u00bbidentification Xper\u00b2 sous forme d&rsquo;applet.<br \/>\nLe fichier &lsquo;xercesImpl.jar&rsquo; est une librairie capable de lire des fichiers xml.<\/p>\n<p>Ils sont tous deux n\u00e9cessaires pour ouvrir les bases Xper\u00b2.<\/p>\n<p>Le param\u00e8tre &lsquo;http:\/\/myServer\/myXPDfileName&rsquo; indique le chemin vers le fichier xpd de votre base de connaissance (pas besoin de mettre l&rsquo;extension du fichier).<\/p>\n<p>Le param\u00e8tre &lsquo;nbBase&rsquo; indique le nombre de base \u00e0 ins\u00e9rer dans l&rsquo;applet. (1 au minimum)<\/p>\n<p>Le param\u00e8tre &lsquo;baseX&rsquo; (o\u00f9 X est le num\u00e9ro de la base) pr\u00e9cise les informations pour ouvrir la base. Le champ &lsquo;value&rsquo; se d\u00e9compose en tois parties s\u00e9par\u00e9es par des points virgules.<br \/>\n1)Chemin vers la base : le_r\u00e9pertoire_de_la_base\/le_nom_du_fichier_de_la_base_sans_l&rsquo;extension<br \/>\n2)Le titre de la base : ce que vous voulez<br \/>\n3)Le format de la base : xper OU xper2<\/p>\n<p>Les param\u00e8tres suivants sont facultatifs :<br \/>\n&lsquo;viewxperURL&rsquo; sert \u00e0 indiquer le chemin vers le script &lsquo;viewxper.cgi&rsquo;.<br \/>\n&lsquo;paramBase&rsquo; indique le nom du param\u00e8tre BASE pour interroger le script &lsquo;viewxper.cgi&rsquo;.<br \/>\n&lsquo;paramTaxon&rsquo; indique le nom du param\u00e8tre TAXON pour interroger le script &lsquo;viewxper.cgi&rsquo;.<br \/>\n&lsquo;makeyURL&rsquo; indique le chemin vers le script maKey g\u00e9n\u00e9rant des cl\u00e9s d&rsquo;identification.<\/p>\n<p><span class=\"note\">Note : <\/span> Pour utiliser ces scripts externes, la base doit \u00eatre install\u00e9e sur les serveurs o\u00f9 se trouvent les scripts en question.<\/p>\n<\/div>\n<p class=\"top\"><a href=\"#haut\">^Haut de page^<\/a><\/p>\n<hr>\n<div class=\"section\">\n\t<a name=\"glossaire\"><\/a><\/p>\n<h2 class=\"titreFAQ\">Glosaire<\/h2>\n<dl>\n<dt><a name=\"FAQ\">FAQ:<\/a><\/dt>\n<dd><b>Frequently Asked Questions ou foire aux questions<\/b><\/dd>\n<dt><a name=\"GPL\">GPL:<\/a><\/dt>\n<dd><b>General <\/b><b>Public <\/b><b>License<\/b><\/dd>\n<dt><a name=\"IAO\">IAO:<\/a><\/dt>\n<dd><b>Identification <\/b><b>Assist\u00e9 par Ordinateur<\/b><\/dd>\n<dt><a name=\"JRE\">JRE:<\/a><\/dt>\n<dd><b>Java Runtime Environment<\/b> ou machine virtuelle Java<\/dd>\n<dt><a name=\"LGPL\">LGPL:<\/a><\/dt>\n<dd><b>General Lesser Public License<\/b><\/dd>\n<\/dl>\n<\/div>\n<p class=\"top\"><a href=\"#haut\">^Haut de page^<\/a><\/p>\n<\/div>\n","protected":false},"excerpt":{"rendered":"<p>Avant de commencer Qu&rsquo;est-ce que le logiciel Xper\u00b2 ? Quelle est la configuration n\u00e9cessaire pour utiliser Xper\u00b2 ? O\u00f9 puis-je trouver le logiciel Xper\u00b2 ? Qui d\u00e9veloppe le logiciel Xper\u00b2 ? Quelles sont les conditions d&rsquo;utilisation du logiciel Xper\u00b2 ? Windows Comment installer Xper\u00b2 sous Windows ? Comment d\u00e9sinstaller Xper\u00b2 sous Windows ? Comment lancer [&hellip;]<\/p>\n","protected":false},"author":1,"featured_media":0,"parent":18,"menu_order":3,"comment_status":"closed","ping_status":"closed","template":"","meta":{"footnotes":""},"class_list":["post-95","page","type-page","status-publish","hentry"],"blocksy_meta":{"styles_descriptor":{"styles":{"desktop":"","tablet":"","mobile":""},"google_fonts":[],"version":6}},"_links":{"self":[{"href":"https:\/\/infosyslab.fr\/index.php\/wp-json\/wp\/v2\/pages\/95","targetHints":{"allow":["GET"]}}],"collection":[{"href":"https:\/\/infosyslab.fr\/index.php\/wp-json\/wp\/v2\/pages"}],"about":[{"href":"https:\/\/infosyslab.fr\/index.php\/wp-json\/wp\/v2\/types\/page"}],"author":[{"embeddable":true,"href":"https:\/\/infosyslab.fr\/index.php\/wp-json\/wp\/v2\/users\/1"}],"replies":[{"embeddable":true,"href":"https:\/\/infosyslab.fr\/index.php\/wp-json\/wp\/v2\/comments?post=95"}],"version-history":[{"count":2,"href":"https:\/\/infosyslab.fr\/index.php\/wp-json\/wp\/v2\/pages\/95\/revisions"}],"predecessor-version":[{"id":562,"href":"https:\/\/infosyslab.fr\/index.php\/wp-json\/wp\/v2\/pages\/95\/revisions\/562"}],"up":[{"embeddable":true,"href":"https:\/\/infosyslab.fr\/index.php\/wp-json\/wp\/v2\/pages\/18"}],"wp:attachment":[{"href":"https:\/\/infosyslab.fr\/index.php\/wp-json\/wp\/v2\/media?parent=95"}],"curies":[{"name":"wp","href":"https:\/\/api.w.org\/{rel}","templated":true}]}}